{"id":16204,"date":"2022-02-04T10:13:50","date_gmt":"2022-02-04T10:13:50","guid":{"rendered":"https:\/\/osbeaufort.sigi.website\/sozialhilfe\/"},"modified":"2022-09-29T12:53:14","modified_gmt":"2022-09-29T12:53:14","slug":"sozialhilfe","status":"publish","type":"page","link":"https:\/\/officesocial-beaufort.lu\/de\/sozialhilfe\/","title":{"rendered":"Sozialhilfe"},"content":{"rendered":"<p>[et_pb_section fb_built=&#8220;1&#8243; _builder_version=&#8220;4.17.3&#8243; _module_preset=&#8220;default&#8220; global_colors_info=&#8220;{}&#8220; theme_builder_area=&#8220;et_body_layout&#8220;][et_pb_row _builder_version=&#8220;4.17.3&#8243; _module_preset=&#8220;default&#8220; global_colors_info=&#8220;{}&#8220; theme_builder_area=&#8220;et_body_layout&#8220;][et_pb_column type=&#8220;4_4&#8243; _builder_version=&#8220;4.17.3&#8243; _module_preset=&#8220;default&#8220; global_colors_info=&#8220;{}&#8220; theme_builder_area=&#8220;et_body_layout&#8220;][et_pb_text _builder_version=&#8220;4.17.3&#8243; _module_preset=&#8220;default&#8220; background_color=&#8220;#F7F6FC&#8220; custom_padding=&#8220;20px|20px|20px|20px|false|false&#8220; global_colors_info=&#8220;{}&#8220; theme_builder_area=&#8220;et_body_layout&#8220;]<\/p>\n<\/p>\n<h3>Navigation :<\/h3>\n<p><ul class=\"list-child-page\"><li><a href=\"https:\/\/officesocial-beaufort.lu\/de\/sozialhilfe\/aufgaben-des-sozialamtes\/\" title=\"Aufgaben des Sozialamtes\">Aufgaben des Sozialamtes<\/a><\/li><li><a href=\"https:\/\/officesocial-beaufort.lu\/de\/sozialhilfe\/kontakte\/\" title=\"Kontakte\">Kontakte<\/a><\/li><li><a href=\"https:\/\/officesocial-beaufort.lu\/de\/sozialhilfe\/rechtliche-rahmenbedingungen\/\" title=\"Rechtliche Rahmenbedingungen\">Rechtliche Rahmenbedingungen<\/a><\/li><\/ul>\n<p>[\/et_pb_text][\/et_pb_column][\/et_pb_row][\/et_pb_section]<\/p>\n","protected":false},"excerpt":{"rendered":"<p>Das Gesetz vom 18.12.2009 \u00fcber die Sozialhilfe Das Gesetz zur Sozialhilfe, das am 1. Januar 2011 in Kraft getreten ist, schafft ein Recht auf Sozialhilfe f\u00fcr Personen und Familien in Not und die nicht \u00fcber die n\u00f6tigen Mittel verf\u00fcgen. Das Hauptziel ist es den Beg\u00fcnstigten einen Zugang zu Mitteln und angemessenen Diensten entsprechend ihrer Situation [&hellip;]<\/p>\n","protected":false},"author":1,"featured_media":0,"parent":0,"menu_order":0,"comment_status":"closed","ping_status":"closed","template":"","meta":{"_et_pb_use_builder":"on","_et_pb_old_content":"","_et_gb_content_width":"","_lmt_disableupdate":"","_lmt_disable":"","footnotes":""},"class_list":["post-16204","page","type-page","status-publish","hentry"],"yoast_head":"<!-- This site is optimized with the Yoast SEO plugin v27.5 - https:\/\/yoast.com\/product\/yoast-seo-wordpress\/ -->\n<title>Sozialhilfe - OS Beaufort<\/title>\n<meta name=\"robots\" content=\"index, follow, max-snippet:-1, max-image-preview:large, max-video-preview:-1\" \/>\n<link rel=\"canonical\" href=\"https:\/\/officesocial-beaufort.lu\/de\/sozialhilfe\/\" \/>\n<meta property=\"og:locale\" content=\"de_DE\" \/>\n<meta property=\"og:type\" content=\"article\" \/>\n<meta property=\"og:title\" content=\"Sozialhilfe - OS Beaufort\" \/>\n<meta property=\"og:description\" content=\"Das Gesetz vom 18.12.2009 \u00fcber die Sozialhilfe Das Gesetz zur Sozialhilfe, das am 1. Januar 2011 in Kraft getreten ist, schafft ein Recht auf Sozialhilfe f\u00fcr Personen und Familien in Not und die nicht \u00fcber die n\u00f6tigen Mittel verf\u00fcgen. Das Hauptziel ist es den Beg\u00fcnstigten einen Zugang zu Mitteln und angemessenen Diensten entsprechend ihrer Situation [&hellip;]\" \/>\n<meta property=\"og:url\" content=\"https:\/\/officesocial-beaufort.lu\/de\/sozialhilfe\/\" \/>\n<meta property=\"og:site_name\" content=\"OS Beaufort\" \/>\n<meta property=\"article:modified_time\" content=\"2022-09-29T12:53:14+00:00\" \/>\n<meta name=\"twitter:card\" content=\"summary_large_image\" \/>\n<meta name=\"twitter:label1\" content=\"Gesch\u00e4tzte Lesezeit\" \/>\n\t<meta name=\"twitter:data1\" content=\"1\u00a0Minute\" \/>\n<script type=\"application\/ld+json\" class=\"yoast-schema-graph\">{\"@context\":\"https:\\\/\\\/schema.org\",\"@graph\":[{\"@type\":\"WebPage\",\"@id\":\"https:\\\/\\\/officesocial-beaufort.lu\\\/de\\\/sozialhilfe\\\/\",\"url\":\"https:\\\/\\\/officesocial-beaufort.lu\\\/de\\\/sozialhilfe\\\/\",\"name\":\"Sozialhilfe - OS Beaufort\",\"isPartOf\":{\"@id\":\"https:\\\/\\\/officesocial-beaufort.lu\\\/de\\\/#website\"},\"datePublished\":\"2022-02-04T10:13:50+00:00\",\"dateModified\":\"2022-09-29T12:53:14+00:00\",\"breadcrumb\":{\"@id\":\"https:\\\/\\\/officesocial-beaufort.lu\\\/de\\\/sozialhilfe\\\/#breadcrumb\"},\"inLanguage\":\"de\",\"potentialAction\":[{\"@type\":\"ReadAction\",\"target\":[\"https:\\\/\\\/officesocial-beaufort.lu\\\/de\\\/sozialhilfe\\\/\"]}]},{\"@type\":\"BreadcrumbList\",\"@id\":\"https:\\\/\\\/officesocial-beaufort.lu\\\/de\\\/sozialhilfe\\\/#breadcrumb\",\"itemListElement\":[{\"@type\":\"ListItem\",\"position\":1,\"name\":\"Accueil\",\"item\":\"https:\\\/\\\/officesocial-beaufort.lu\\\/de\\\/\"},{\"@type\":\"ListItem\",\"position\":2,\"name\":\"Sozialhilfe\"}]},{\"@type\":\"WebSite\",\"@id\":\"https:\\\/\\\/officesocial-beaufort.lu\\\/de\\\/#website\",\"url\":\"https:\\\/\\\/officesocial-beaufort.lu\\\/de\\\/\",\"name\":\"OS Beaufort\",\"description\":\"Office Social R\u00e9gional des Communes de Beaufort, Bech, Berdorf, Consdorf, Reisdorf\",\"potentialAction\":[{\"@type\":\"SearchAction\",\"target\":{\"@type\":\"EntryPoint\",\"urlTemplate\":\"https:\\\/\\\/officesocial-beaufort.lu\\\/de\\\/?s={search_term_string}\"},\"query-input\":{\"@type\":\"PropertyValueSpecification\",\"valueRequired\":true,\"valueName\":\"search_term_string\"}}],\"inLanguage\":\"de\"}]}<\/script>\n<!-- \/ Yoast SEO plugin. -->","yoast_head_json":{"title":"Sozialhilfe - OS Beaufort","robots":{"index":"index","follow":"follow","max-snippet":"max-snippet:-1","max-image-preview":"max-image-preview:large","max-video-preview":"max-video-preview:-1"},"canonical":"https:\/\/officesocial-beaufort.lu\/de\/sozialhilfe\/","og_locale":"de_DE","og_type":"article","og_title":"Sozialhilfe - OS Beaufort","og_description":"Das Gesetz vom 18.12.2009 \u00fcber die Sozialhilfe Das Gesetz zur Sozialhilfe, das am 1. Januar 2011 in Kraft getreten ist, schafft ein Recht auf Sozialhilfe f\u00fcr Personen und Familien in Not und die nicht \u00fcber die n\u00f6tigen Mittel verf\u00fcgen. Das Hauptziel ist es den Beg\u00fcnstigten einen Zugang zu Mitteln und angemessenen Diensten entsprechend ihrer Situation [&hellip;]","og_url":"https:\/\/officesocial-beaufort.lu\/de\/sozialhilfe\/","og_site_name":"OS Beaufort","article_modified_time":"2022-09-29T12:53:14+00:00","twitter_card":"summary_large_image","twitter_misc":{"Gesch\u00e4tzte Lesezeit":"1\u00a0Minute"},"schema":{"@context":"https:\/\/schema.org","@graph":[{"@type":"WebPage","@id":"https:\/\/officesocial-beaufort.lu\/de\/sozialhilfe\/","url":"https:\/\/officesocial-beaufort.lu\/de\/sozialhilfe\/","name":"Sozialhilfe - OS Beaufort","isPartOf":{"@id":"https:\/\/officesocial-beaufort.lu\/de\/#website"},"datePublished":"2022-02-04T10:13:50+00:00","dateModified":"2022-09-29T12:53:14+00:00","breadcrumb":{"@id":"https:\/\/officesocial-beaufort.lu\/de\/sozialhilfe\/#breadcrumb"},"inLanguage":"de","potentialAction":[{"@type":"ReadAction","target":["https:\/\/officesocial-beaufort.lu\/de\/sozialhilfe\/"]}]},{"@type":"BreadcrumbList","@id":"https:\/\/officesocial-beaufort.lu\/de\/sozialhilfe\/#breadcrumb","itemListElement":[{"@type":"ListItem","position":1,"name":"Accueil","item":"https:\/\/officesocial-beaufort.lu\/de\/"},{"@type":"ListItem","position":2,"name":"Sozialhilfe"}]},{"@type":"WebSite","@id":"https:\/\/officesocial-beaufort.lu\/de\/#website","url":"https:\/\/officesocial-beaufort.lu\/de\/","name":"OS Beaufort","description":"Office Social R\u00e9gional des Communes de Beaufort, Bech, Berdorf, Consdorf, Reisdorf","potentialAction":[{"@type":"SearchAction","target":{"@type":"EntryPoint","urlTemplate":"https:\/\/officesocial-beaufort.lu\/de\/?s={search_term_string}"},"query-input":{"@type":"PropertyValueSpecification","valueRequired":true,"valueName":"search_term_string"}}],"inLanguage":"de"}]}},"publishpress_future_action":{"enabled":false,"date":"2026-05-06 16:27:05","action":"change-status","newStatus":"draft","terms":[],"taxonomy":"translation_priority","extraData":[]},"publishpress_future_workflow_manual_trigger":{"enabledWorkflows":[]},"_links":{"self":[{"href":"https:\/\/officesocial-beaufort.lu\/de\/wp-json\/wp\/v2\/pages\/16204","targetHints":{"allow":["GET"]}}],"collection":[{"href":"https:\/\/officesocial-beaufort.lu\/de\/wp-json\/wp\/v2\/pages"}],"about":[{"href":"https:\/\/officesocial-beaufort.lu\/de\/wp-json\/wp\/v2\/types\/page"}],"author":[{"embeddable":true,"href":"https:\/\/officesocial-beaufort.lu\/de\/wp-json\/wp\/v2\/users\/1"}],"replies":[{"embeddable":true,"href":"https:\/\/officesocial-beaufort.lu\/de\/wp-json\/wp\/v2\/comments?post=16204"}],"version-history":[{"count":2,"href":"https:\/\/officesocial-beaufort.lu\/de\/wp-json\/wp\/v2\/pages\/16204\/revisions"}],"predecessor-version":[{"id":16206,"href":"https:\/\/officesocial-beaufort.lu\/de\/wp-json\/wp\/v2\/pages\/16204\/revisions\/16206"}],"wp:attachment":[{"href":"https:\/\/officesocial-beaufort.lu\/de\/wp-json\/wp\/v2\/media?parent=16204"}],"curies":[{"name":"wp","href":"https:\/\/api.w.org\/{rel}","templated":true}]}}

<p>Das Gesetz vom 18.12.2009 über die Sozialhilfe Das Gesetz zur Sozialhilfe, das am 1. Januar 2011 in Kraft getreten ist, schafft ein Recht auf Sozialhilfe für Personen und Familien in Not und die nicht über die nötigen Mittel verfügen. Das Hauptziel ist es den Begünstigten einen Zugang zu Mitteln und angemessenen Diensten entsprechend ihrer Situation [&hellip;]</p>

<!-- This site is optimized with the Yoast SEO plugin v27.5 - https://yoast.com/product/yoast-seo-wordpress/ -->
<title>Sozialhilfe - OS Beaufort</title>
<meta name="robots" content="index, follow, max-snippet:-1, max-image-preview:large, max-video-preview:-1" />
<link rel="canonical" href="https://officesocial-beaufort.lu/de/sozialhilfe/" />
<meta property="og:locale" content="de_DE" />
<meta property="og:type" content="article" />
<meta property="og:title" content="Sozialhilfe - OS Beaufort" />
<meta property="og:description" content="Das Gesetz vom 18.12.2009 über die Sozialhilfe Das Gesetz zur Sozialhilfe, das am 1. Januar 2011 in Kraft getreten ist, schafft ein Recht auf Sozialhilfe für Personen und Familien in Not und die nicht über die nötigen Mittel verfügen. Das Hauptziel ist es den Begünstigten einen Zugang zu Mitteln und angemessenen Diensten entsprechend ihrer Situation [&hellip;]" />
<meta property="og:url" content="https://officesocial-beaufort.lu/de/sozialhilfe/" />
<meta property="og:site_name" content="OS Beaufort" />
<meta property="article:modified_time" content="2022-09-29T12:53:14+00:00" />
<meta name="twitter:card" content="summary_large_image" />
<meta name="twitter:label1" content="Geschätzte Lesezeit" />
	<meta name="twitter:data1" content="1 Minute" />
<script type="application/ld+json" class="yoast-schema-graph">{"@context":"https:\/\/schema.org","@graph":[{"@type":"WebPage","@id":"https:\/\/officesocial-beaufort.lu\/de\/sozialhilfe\/","url":"https:\/\/officesocial-beaufort.lu\/de\/sozialhilfe\/","name":"Sozialhilfe - OS Beaufort","isPartOf":{"@id":"https:\/\/officesocial-beaufort.lu\/de\/#website"},"datePublished":"2022-02-04T10:13:50+00:00","dateModified":"2022-09-29T12:53:14+00:00","breadcrumb":{"@id":"https:\/\/officesocial-beaufort.lu\/de\/sozialhilfe\/#breadcrumb"},"inLanguage":"de","potentialAction":[{"@type":"ReadAction","target":["https:\/\/officesocial-beaufort.lu\/de\/sozialhilfe\/"]}]},{"@type":"BreadcrumbList","@id":"https:\/\/officesocial-beaufort.lu\/de\/sozialhilfe\/#breadcrumb","itemListElement":[{"@type":"ListItem","position":1,"name":"Accueil","item":"https:\/\/officesocial-beaufort.lu\/de\/"},{"@type":"ListItem","position":2,"name":"Sozialhilfe"}]},{"@type":"WebSite","@id":"https:\/\/officesocial-beaufort.lu\/de\/#website","url":"https:\/\/officesocial-beaufort.lu\/de\/","name":"OS Beaufort","description":"Office Social Régional des Communes de Beaufort, Bech, Berdorf, Consdorf, Reisdorf","potentialAction":[{"@type":"SearchAction","target":{"@type":"EntryPoint","urlTemplate":"https:\/\/officesocial-beaufort.lu\/de\/?s={search_term_string}"},"query-input":{"@type":"PropertyValueSpecification","valueRequired":true,"valueName":"search_term_string"}}],"inLanguage":"de"}]}</script>
<!-- / Yoast SEO plugin. -->

Das Gesetz vom 18.12.2009 über die Sozialhilfe Das Gesetz zur Sozialhilfe, das am 1. Januar 2011 in Kraft getreten ist, schafft ein Recht auf Sozialhilfe für Personen und Familien in Not und die nicht über die nötigen Mittel verfügen. Das Hauptziel ist es den Begünstigten einen Zugang zu Mitteln und angemessenen Diensten entsprechend ihrer Situation [&hellip;]

Office Social Régional des Communes de Beaufort, Bech, Berdorf, Consdorf, Reisdorf
