{"id":16318,"date":"2022-09-20T07:57:14","date_gmt":"2022-09-20T06:57:14","guid":{"rendered":"https:\/\/osbeaufort.sigi.website\/vorstellung\/einleitung\/rotes-kreuz\/"},"modified":"2022-10-03T07:39:30","modified_gmt":"2022-10-03T07:39:30","slug":"rotes-kreuz","status":"publish","type":"page","link":"https:\/\/officesocial-beaufort.lu\/de\/vorstellung\/rotes-kreuz\/","title":{"rendered":"Rotes Kreuz"},"content":{"rendered":"<p>[et_pb_section fb_built=&#8220;1&#8243; _builder_version=&#8220;4.17.3&#8243; _module_preset=&#8220;default&#8220; global_colors_info=&#8220;{}&#8220; theme_builder_area=&#8220;post_content&#8220;][et_pb_row _builder_version=&#8220;4.17.3&#8243; _module_preset=&#8220;default&#8220; global_colors_info=&#8220;{}&#8220; theme_builder_area=&#8220;post_content&#8220;][et_pb_column type=&#8220;4_4&#8243; _builder_version=&#8220;4.17.3&#8243; _module_preset=&#8220;default&#8220; global_colors_info=&#8220;{}&#8220; theme_builder_area=&#8220;post_content&#8220;][et_pb_text _builder_version=&#8220;4.17.3&#8243; _module_preset=&#8220;default&#8220; background_color=&#8220;#F7F6FC&#8220; custom_padding=&#8220;20px|20px|20px|20px|false|false&#8220; hover_enabled=&#8220;0&#8243; global_colors_info=&#8220;{}&#8220; theme_builder_area=&#8220;post_content&#8220; sticky_enabled=&#8220;0&#8243;]<\/p>\n<p>Die Gemeinden Luxemburgs gliedern sich in 30 Sozial\u00e4mter mit geographisch definierten Zust\u00e4ndigkeitsbereichen. Das Luxemburger Rote Kreuz ist f\u00fcr 16 dieser Sozial\u00e4mter zust\u00e4ndig, unter anderem auch f\u00fcr das Sozialamt in Beaufort.<\/p>\n<p>\u00dcber die Helpline des Roten Kreuzes (Tel: 2755) erfahren Sie, welches Sozialamt f\u00fcr Ihre Gemeinde zust\u00e4ndig ist.<\/p>\n<p>[\/et_pb_text][\/et_pb_column][\/et_pb_row][\/et_pb_section]<\/p>\n","protected":false},"excerpt":{"rendered":"<p>Die Gemeinden Luxemburgs gliedern sich in 30 Sozial\u00e4mter mit geographisch definierten Zust\u00e4ndigkeitsbereichen. Das Luxemburger Rote Kreuz ist f\u00fcr 16 dieser Sozial\u00e4mter zust\u00e4ndig, unter anderem auch f\u00fcr das Sozialamt in Beaufort. \u00dcber die Helpline des Roten Kreuzes (Tel: 2755) erfahren Sie, welches Sozialamt f\u00fcr Ihre Gemeinde zust\u00e4ndig ist.<\/p>\n","protected":false},"author":1,"featured_media":0,"parent":16201,"menu_order":0,"comment_status":"closed","ping_status":"closed","template":"","meta":{"_et_pb_use_builder":"on","_et_pb_old_content":"","_et_gb_content_width":"","_lmt_disableupdate":"","_lmt_disable":"","footnotes":""},"class_list":["post-16318","page","type-page","status-publish","hentry"],"yoast_head":"<!-- This site is optimized with the Yoast SEO plugin v27.5 - https:\/\/yoast.com\/product\/yoast-seo-wordpress\/ -->\n<title>Rotes Kreuz - OS Beaufort<\/title>\n<meta name=\"robots\" content=\"index, follow, max-snippet:-1, max-image-preview:large, max-video-preview:-1\" \/>\n<link rel=\"canonical\" href=\"https:\/\/officesocial-beaufort.lu\/de\/vorstellung\/rotes-kreuz\/\" \/>\n<meta property=\"og:locale\" content=\"de_DE\" \/>\n<meta property=\"og:type\" content=\"article\" \/>\n<meta property=\"og:title\" content=\"Rotes Kreuz - OS Beaufort\" \/>\n<meta property=\"og:description\" content=\"Die Gemeinden Luxemburgs gliedern sich in 30 Sozial\u00e4mter mit geographisch definierten Zust\u00e4ndigkeitsbereichen. Das Luxemburger Rote Kreuz ist f\u00fcr 16 dieser Sozial\u00e4mter zust\u00e4ndig, unter anderem auch f\u00fcr das Sozialamt in Beaufort. \u00dcber die Helpline des Roten Kreuzes (Tel: 2755) erfahren Sie, welches Sozialamt f\u00fcr Ihre Gemeinde zust\u00e4ndig ist.\" \/>\n<meta property=\"og:url\" content=\"https:\/\/officesocial-beaufort.lu\/de\/vorstellung\/rotes-kreuz\/\" \/>\n<meta property=\"og:site_name\" content=\"OS Beaufort\" \/>\n<meta property=\"article:modified_time\" content=\"2022-10-03T07:39:30+00:00\" \/>\n<meta name=\"twitter:card\" content=\"summary_large_image\" \/>\n<meta name=\"twitter:label1\" content=\"Gesch\u00e4tzte Lesezeit\" \/>\n\t<meta name=\"twitter:data1\" content=\"1\u00a0Minute\" \/>\n<script type=\"application\/ld+json\" class=\"yoast-schema-graph\">{\"@context\":\"https:\\\/\\\/schema.org\",\"@graph\":[{\"@type\":\"WebPage\",\"@id\":\"https:\\\/\\\/officesocial-beaufort.lu\\\/de\\\/vorstellung\\\/rotes-kreuz\\\/\",\"url\":\"https:\\\/\\\/officesocial-beaufort.lu\\\/de\\\/vorstellung\\\/rotes-kreuz\\\/\",\"name\":\"Rotes Kreuz - OS Beaufort\",\"isPartOf\":{\"@id\":\"https:\\\/\\\/officesocial-beaufort.lu\\\/de\\\/#website\"},\"datePublished\":\"2022-09-20T06:57:14+00:00\",\"dateModified\":\"2022-10-03T07:39:30+00:00\",\"breadcrumb\":{\"@id\":\"https:\\\/\\\/officesocial-beaufort.lu\\\/de\\\/vorstellung\\\/rotes-kreuz\\\/#breadcrumb\"},\"inLanguage\":\"de\",\"potentialAction\":[{\"@type\":\"ReadAction\",\"target\":[\"https:\\\/\\\/officesocial-beaufort.lu\\\/de\\\/vorstellung\\\/rotes-kreuz\\\/\"]}]},{\"@type\":\"BreadcrumbList\",\"@id\":\"https:\\\/\\\/officesocial-beaufort.lu\\\/de\\\/vorstellung\\\/rotes-kreuz\\\/#breadcrumb\",\"itemListElement\":[{\"@type\":\"ListItem\",\"position\":1,\"name\":\"Accueil\",\"item\":\"https:\\\/\\\/officesocial-beaufort.lu\\\/de\\\/\"},{\"@type\":\"ListItem\",\"position\":2,\"name\":\"Vorstellung\",\"item\":\"https:\\\/\\\/officesocial-beaufort.lu\\\/de\\\/presentation\\\/\"},{\"@type\":\"ListItem\",\"position\":3,\"name\":\"Einleitung\",\"item\":\"https:\\\/\\\/officesocial-beaufort.lu\\\/de\\\/presentation\\\/introduction\\\/\"},{\"@type\":\"ListItem\",\"position\":4,\"name\":\"Rotes Kreuz\"}]},{\"@type\":\"WebSite\",\"@id\":\"https:\\\/\\\/officesocial-beaufort.lu\\\/de\\\/#website\",\"url\":\"https:\\\/\\\/officesocial-beaufort.lu\\\/de\\\/\",\"name\":\"OS Beaufort\",\"description\":\"Office Social R\u00e9gional des Communes de Beaufort, Bech, Berdorf, Consdorf, Reisdorf\",\"potentialAction\":[{\"@type\":\"SearchAction\",\"target\":{\"@type\":\"EntryPoint\",\"urlTemplate\":\"https:\\\/\\\/officesocial-beaufort.lu\\\/de\\\/?s={search_term_string}\"},\"query-input\":{\"@type\":\"PropertyValueSpecification\",\"valueRequired\":true,\"valueName\":\"search_term_string\"}}],\"inLanguage\":\"de\"}]}<\/script>\n<!-- \/ Yoast SEO plugin. -->","yoast_head_json":{"title":"Rotes Kreuz - OS Beaufort","robots":{"index":"index","follow":"follow","max-snippet":"max-snippet:-1","max-image-preview":"max-image-preview:large","max-video-preview":"max-video-preview:-1"},"canonical":"https:\/\/officesocial-beaufort.lu\/de\/vorstellung\/rotes-kreuz\/","og_locale":"de_DE","og_type":"article","og_title":"Rotes Kreuz - OS Beaufort","og_description":"Die Gemeinden Luxemburgs gliedern sich in 30 Sozial\u00e4mter mit geographisch definierten Zust\u00e4ndigkeitsbereichen. Das Luxemburger Rote Kreuz ist f\u00fcr 16 dieser Sozial\u00e4mter zust\u00e4ndig, unter anderem auch f\u00fcr das Sozialamt in Beaufort. \u00dcber die Helpline des Roten Kreuzes (Tel: 2755) erfahren Sie, welches Sozialamt f\u00fcr Ihre Gemeinde zust\u00e4ndig ist.","og_url":"https:\/\/officesocial-beaufort.lu\/de\/vorstellung\/rotes-kreuz\/","og_site_name":"OS Beaufort","article_modified_time":"2022-10-03T07:39:30+00:00","twitter_card":"summary_large_image","twitter_misc":{"Gesch\u00e4tzte Lesezeit":"1\u00a0Minute"},"schema":{"@context":"https:\/\/schema.org","@graph":[{"@type":"WebPage","@id":"https:\/\/officesocial-beaufort.lu\/de\/vorstellung\/rotes-kreuz\/","url":"https:\/\/officesocial-beaufort.lu\/de\/vorstellung\/rotes-kreuz\/","name":"Rotes Kreuz - OS Beaufort","isPartOf":{"@id":"https:\/\/officesocial-beaufort.lu\/de\/#website"},"datePublished":"2022-09-20T06:57:14+00:00","dateModified":"2022-10-03T07:39:30+00:00","breadcrumb":{"@id":"https:\/\/officesocial-beaufort.lu\/de\/vorstellung\/rotes-kreuz\/#breadcrumb"},"inLanguage":"de","potentialAction":[{"@type":"ReadAction","target":["https:\/\/officesocial-beaufort.lu\/de\/vorstellung\/rotes-kreuz\/"]}]},{"@type":"BreadcrumbList","@id":"https:\/\/officesocial-beaufort.lu\/de\/vorstellung\/rotes-kreuz\/#breadcrumb","itemListElement":[{"@type":"ListItem","position":1,"name":"Accueil","item":"https:\/\/officesocial-beaufort.lu\/de\/"},{"@type":"ListItem","position":2,"name":"Vorstellung","item":"https:\/\/officesocial-beaufort.lu\/de\/presentation\/"},{"@type":"ListItem","position":3,"name":"Einleitung","item":"https:\/\/officesocial-beaufort.lu\/de\/presentation\/introduction\/"},{"@type":"ListItem","position":4,"name":"Rotes Kreuz"}]},{"@type":"WebSite","@id":"https:\/\/officesocial-beaufort.lu\/de\/#website","url":"https:\/\/officesocial-beaufort.lu\/de\/","name":"OS Beaufort","description":"Office Social R\u00e9gional des Communes de Beaufort, Bech, Berdorf, Consdorf, Reisdorf","potentialAction":[{"@type":"SearchAction","target":{"@type":"EntryPoint","urlTemplate":"https:\/\/officesocial-beaufort.lu\/de\/?s={search_term_string}"},"query-input":{"@type":"PropertyValueSpecification","valueRequired":true,"valueName":"search_term_string"}}],"inLanguage":"de"}]}},"publishpress_future_action":{"enabled":false,"date":"2026-05-07 09:04:56","action":"change-status","newStatus":"draft","terms":[],"taxonomy":"translation_priority","extraData":[]},"publishpress_future_workflow_manual_trigger":{"enabledWorkflows":[]},"_links":{"self":[{"href":"https:\/\/officesocial-beaufort.lu\/de\/wp-json\/wp\/v2\/pages\/16318","targetHints":{"allow":["GET"]}}],"collection":[{"href":"https:\/\/officesocial-beaufort.lu\/de\/wp-json\/wp\/v2\/pages"}],"about":[{"href":"https:\/\/officesocial-beaufort.lu\/de\/wp-json\/wp\/v2\/types\/page"}],"author":[{"embeddable":true,"href":"https:\/\/officesocial-beaufort.lu\/de\/wp-json\/wp\/v2\/users\/1"}],"replies":[{"embeddable":true,"href":"https:\/\/officesocial-beaufort.lu\/de\/wp-json\/wp\/v2\/comments?post=16318"}],"version-history":[{"count":2,"href":"https:\/\/officesocial-beaufort.lu\/de\/wp-json\/wp\/v2\/pages\/16318\/revisions"}],"predecessor-version":[{"id":16320,"href":"https:\/\/officesocial-beaufort.lu\/de\/wp-json\/wp\/v2\/pages\/16318\/revisions\/16320"}],"up":[{"embeddable":true,"href":"https:\/\/officesocial-beaufort.lu\/de\/wp-json\/wp\/v2\/pages\/16201"}],"wp:attachment":[{"href":"https:\/\/officesocial-beaufort.lu\/de\/wp-json\/wp\/v2\/media?parent=16318"}],"curies":[{"name":"wp","href":"https:\/\/api.w.org\/{rel}","templated":true}]}}

<p>[et_pb_section fb_built=&#8220;1&#8243; _builder_version=&#8220;4.17.3&#8243; _module_preset=&#8220;default&#8220; global_colors_info=&#8220;{}&#8220; theme_builder_area=&#8220;post_content&#8220;][et_pb_row _builder_version=&#8220;4.17.3&#8243; _module_preset=&#8220;default&#8220; global_colors_info=&#8220;{}&#8220; theme_builder_area=&#8220;post_content&#8220;][et_pb_column type=&#8220;4_4&#8243; _builder_version=&#8220;4.17.3&#8243; _module_preset=&#8220;default&#8220; global_colors_info=&#8220;{}&#8220; theme_builder_area=&#8220;post_content&#8220;][et_pb_text _builder_version=&#8220;4.17.3&#8243; _module_preset=&#8220;default&#8220; background_color=&#8220;#F7F6FC&#8220; custom_padding=&#8220;20px|20px|20px|20px|false|false&#8220; hover_enabled=&#8220;0&#8243; global_colors_info=&#8220;{}&#8220; theme_builder_area=&#8220;post_content&#8220; sticky_enabled=&#8220;0&#8243;]</p>
<p>Die Gemeinden Luxemburgs gliedern sich in 30 Sozialämter mit geographisch definierten Zuständigkeitsbereichen. Das Luxemburger Rote Kreuz ist für 16 dieser Sozialämter zuständig, unter anderem auch für das Sozialamt in Beaufort.</p>
<p>Über die Helpline des Roten Kreuzes (Tel: 2755) erfahren Sie, welches Sozialamt für Ihre Gemeinde zuständig ist.</p>
<p>[/et_pb_text][/et_pb_column][/et_pb_row][/et_pb_section]</p>

<p>Die Gemeinden Luxemburgs gliedern sich in 30 Sozialämter mit geographisch definierten Zuständigkeitsbereichen. Das Luxemburger Rote Kreuz ist für 16 dieser Sozialämter zuständig, unter anderem auch für das Sozialamt in Beaufort. Über die Helpline des Roten Kreuzes (Tel: 2755) erfahren Sie, welches Sozialamt für Ihre Gemeinde zuständig ist.</p>

<!-- This site is optimized with the Yoast SEO plugin v27.5 - https://yoast.com/product/yoast-seo-wordpress/ -->
<title>Rotes Kreuz - OS Beaufort</title>
<meta name="robots" content="index, follow, max-snippet:-1, max-image-preview:large, max-video-preview:-1" />
<link rel="canonical" href="https://officesocial-beaufort.lu/de/vorstellung/rotes-kreuz/" />
<meta property="og:locale" content="de_DE" />
<meta property="og:type" content="article" />
<meta property="og:title" content="Rotes Kreuz - OS Beaufort" />
<meta property="og:description" content="Die Gemeinden Luxemburgs gliedern sich in 30 Sozialämter mit geographisch definierten Zuständigkeitsbereichen. Das Luxemburger Rote Kreuz ist für 16 dieser Sozialämter zuständig, unter anderem auch für das Sozialamt in Beaufort. Über die Helpline des Roten Kreuzes (Tel: 2755) erfahren Sie, welches Sozialamt für Ihre Gemeinde zuständig ist." />
<meta property="og:url" content="https://officesocial-beaufort.lu/de/vorstellung/rotes-kreuz/" />
<meta property="og:site_name" content="OS Beaufort" />
<meta property="article:modified_time" content="2022-10-03T07:39:30+00:00" />
<meta name="twitter:card" content="summary_large_image" />
<meta name="twitter:label1" content="Geschätzte Lesezeit" />
	<meta name="twitter:data1" content="1 Minute" />
<script type="application/ld+json" class="yoast-schema-graph">{"@context":"https:\/\/schema.org","@graph":[{"@type":"WebPage","@id":"https:\/\/officesocial-beaufort.lu\/de\/vorstellung\/rotes-kreuz\/","url":"https:\/\/officesocial-beaufort.lu\/de\/vorstellung\/rotes-kreuz\/","name":"Rotes Kreuz - OS Beaufort","isPartOf":{"@id":"https:\/\/officesocial-beaufort.lu\/de\/#website"},"datePublished":"2022-09-20T06:57:14+00:00","dateModified":"2022-10-03T07:39:30+00:00","breadcrumb":{"@id":"https:\/\/officesocial-beaufort.lu\/de\/vorstellung\/rotes-kreuz\/#breadcrumb"},"inLanguage":"de","potentialAction":[{"@type":"ReadAction","target":["https:\/\/officesocial-beaufort.lu\/de\/vorstellung\/rotes-kreuz\/"]}]},{"@type":"BreadcrumbList","@id":"https:\/\/officesocial-beaufort.lu\/de\/vorstellung\/rotes-kreuz\/#breadcrumb","itemListElement":[{"@type":"ListItem","position":1,"name":"Accueil","item":"https:\/\/officesocial-beaufort.lu\/de\/"},{"@type":"ListItem","position":2,"name":"Vorstellung","item":"https:\/\/officesocial-beaufort.lu\/de\/presentation\/"},{"@type":"ListItem","position":3,"name":"Einleitung","item":"https:\/\/officesocial-beaufort.lu\/de\/presentation\/introduction\/"},{"@type":"ListItem","position":4,"name":"Rotes Kreuz"}]},{"@type":"WebSite","@id":"https:\/\/officesocial-beaufort.lu\/de\/#website","url":"https:\/\/officesocial-beaufort.lu\/de\/","name":"OS Beaufort","description":"Office Social Régional des Communes de Beaufort, Bech, Berdorf, Consdorf, Reisdorf","potentialAction":[{"@type":"SearchAction","target":{"@type":"EntryPoint","urlTemplate":"https:\/\/officesocial-beaufort.lu\/de\/?s={search_term_string}"},"query-input":{"@type":"PropertyValueSpecification","valueRequired":true,"valueName":"search_term_string"}}],"inLanguage":"de"}]}</script>
<!-- / Yoast SEO plugin. -->

Die Gemeinden Luxemburgs gliedern sich in 30 Sozialämter mit geographisch definierten Zuständigkeitsbereichen. Das Luxemburger Rote Kreuz ist für 16 dieser Sozialämter zuständig, unter anderem auch für das Sozialamt in Beaufort. Über die Helpline des Roten Kreuzes (Tel: 2755) erfahren Sie, welches Sozialamt für Ihre Gemeinde zuständig ist.

Office Social Régional des Communes de Beaufort, Bech, Berdorf, Consdorf, Reisdorf
