{"id":16324,"date":"2022-02-04T13:27:09","date_gmt":"2022-02-04T12:27:09","guid":{"rendered":"https:\/\/osbeaufort.sigi.website\/vorstellung\/einleitung\/datenschutz\/"},"modified":"2022-10-03T07:40:58","modified_gmt":"2022-10-03T07:40:58","slug":"datenschutz","status":"publish","type":"page","link":"https:\/\/officesocial-beaufort.lu\/de\/vorstellung\/datenschutz\/","title":{"rendered":"Datenschutz"},"content":{"rendered":"<p>[et_pb_section fb_built=&#8220;1&#8243; _builder_version=&#8220;4.17.3&#8243; _module_preset=&#8220;default&#8220; global_colors_info=&#8220;{}&#8220; theme_builder_area=&#8220;post_content&#8220;][et_pb_row _builder_version=&#8220;4.17.3&#8243; _module_preset=&#8220;default&#8220; global_colors_info=&#8220;{}&#8220; theme_builder_area=&#8220;post_content&#8220;][et_pb_column type=&#8220;4_4&#8243; _builder_version=&#8220;4.17.3&#8243; _module_preset=&#8220;default&#8220; global_colors_info=&#8220;{}&#8220; theme_builder_area=&#8220;post_content&#8220;][et_pb_text _builder_version=&#8220;4.17.3&#8243; _module_preset=&#8220;default&#8220; background_color=&#8220;#F7F6FC&#8220; custom_padding=&#8220;20px|20px|20px|20px|false|false&#8220; hover_enabled=&#8220;0&#8243; global_colors_info=&#8220;{}&#8220; theme_builder_area=&#8220;post_content&#8220; sticky_enabled=&#8220;0&#8243;]<\/p>\n<p>Die allgemeine Regelung \u00fcber den Datenschutz (RGPD) sch\u00fctzt die Privatsph\u00e4re und die Rechte der Personen.<\/p>\n<p>Das Sozialamt verpflichtet sich die pers\u00f6nlichen Daten mit h\u00f6chster Vertraulichkeit und Konformit\u00e4t gegen\u00fcber der europ\u00e4ischen Regelung \u00fcber den Datenschutz (RGPD) zu behandeln. Die pers\u00f6nlichen Daten werden von den Mitarbeitern des Sozialamtes nur im Zusammenhang mit deren Missionen benutzt.<\/p>\n<p>[\/et_pb_text][\/et_pb_column][\/et_pb_row][\/et_pb_section]<\/p>\n","protected":false},"excerpt":{"rendered":"<p>Die allgemeine Regelung \u00fcber den Datenschutz (RGPD) sch\u00fctzt die Privatsph\u00e4re und die Rechte der Personen. Das Sozialamt verpflichtet sich die pers\u00f6nlichen Daten mit h\u00f6chster Vertraulichkeit und Konformit\u00e4t gegen\u00fcber der europ\u00e4ischen Regelung \u00fcber den Datenschutz (RGPD) zu behandeln. Die pers\u00f6nlichen Daten werden von den Mitarbeitern des Sozialamtes nur im Zusammenhang mit deren Missionen benutzt.<\/p>\n","protected":false},"author":1,"featured_media":0,"parent":16201,"menu_order":0,"comment_status":"closed","ping_status":"closed","template":"","meta":{"_et_pb_use_builder":"on","_et_pb_old_content":"","_et_gb_content_width":"","_lmt_disableupdate":"","_lmt_disable":"","footnotes":""},"class_list":["post-16324","page","type-page","status-publish","hentry"],"yoast_head":"<!-- This site is optimized with the Yoast SEO plugin v27.5 - https:\/\/yoast.com\/product\/yoast-seo-wordpress\/ -->\n<title>Datenschutz - OS Beaufort<\/title>\n<meta name=\"robots\" content=\"index, follow, max-snippet:-1, max-image-preview:large, max-video-preview:-1\" \/>\n<link rel=\"canonical\" href=\"https:\/\/officesocial-beaufort.lu\/de\/vorstellung\/datenschutz\/\" \/>\n<meta property=\"og:locale\" content=\"de_DE\" \/>\n<meta property=\"og:type\" content=\"article\" \/>\n<meta property=\"og:title\" content=\"Datenschutz - OS Beaufort\" \/>\n<meta property=\"og:description\" content=\"Die allgemeine Regelung \u00fcber den Datenschutz (RGPD) sch\u00fctzt die Privatsph\u00e4re und die Rechte der Personen. Das Sozialamt verpflichtet sich die pers\u00f6nlichen Daten mit h\u00f6chster Vertraulichkeit und Konformit\u00e4t gegen\u00fcber der europ\u00e4ischen Regelung \u00fcber den Datenschutz (RGPD) zu behandeln. Die pers\u00f6nlichen Daten werden von den Mitarbeitern des Sozialamtes nur im Zusammenhang mit deren Missionen benutzt.\" \/>\n<meta property=\"og:url\" content=\"https:\/\/officesocial-beaufort.lu\/de\/vorstellung\/datenschutz\/\" \/>\n<meta property=\"og:site_name\" content=\"OS Beaufort\" \/>\n<meta property=\"article:modified_time\" content=\"2022-10-03T07:40:58+00:00\" \/>\n<meta name=\"twitter:card\" content=\"summary_large_image\" \/>\n<meta name=\"twitter:label1\" content=\"Gesch\u00e4tzte Lesezeit\" \/>\n\t<meta name=\"twitter:data1\" content=\"1\u00a0Minute\" \/>\n<script type=\"application\/ld+json\" class=\"yoast-schema-graph\">{\"@context\":\"https:\\\/\\\/schema.org\",\"@graph\":[{\"@type\":\"WebPage\",\"@id\":\"https:\\\/\\\/officesocial-beaufort.lu\\\/de\\\/vorstellung\\\/datenschutz\\\/\",\"url\":\"https:\\\/\\\/officesocial-beaufort.lu\\\/de\\\/vorstellung\\\/datenschutz\\\/\",\"name\":\"Datenschutz - OS Beaufort\",\"isPartOf\":{\"@id\":\"https:\\\/\\\/officesocial-beaufort.lu\\\/de\\\/#website\"},\"datePublished\":\"2022-02-04T12:27:09+00:00\",\"dateModified\":\"2022-10-03T07:40:58+00:00\",\"breadcrumb\":{\"@id\":\"https:\\\/\\\/officesocial-beaufort.lu\\\/de\\\/vorstellung\\\/datenschutz\\\/#breadcrumb\"},\"inLanguage\":\"de\",\"potentialAction\":[{\"@type\":\"ReadAction\",\"target\":[\"https:\\\/\\\/officesocial-beaufort.lu\\\/de\\\/vorstellung\\\/datenschutz\\\/\"]}]},{\"@type\":\"BreadcrumbList\",\"@id\":\"https:\\\/\\\/officesocial-beaufort.lu\\\/de\\\/vorstellung\\\/datenschutz\\\/#breadcrumb\",\"itemListElement\":[{\"@type\":\"ListItem\",\"position\":1,\"name\":\"Accueil\",\"item\":\"https:\\\/\\\/officesocial-beaufort.lu\\\/de\\\/\"},{\"@type\":\"ListItem\",\"position\":2,\"name\":\"Vorstellung\",\"item\":\"https:\\\/\\\/officesocial-beaufort.lu\\\/de\\\/presentation\\\/\"},{\"@type\":\"ListItem\",\"position\":3,\"name\":\"Einleitung\",\"item\":\"https:\\\/\\\/officesocial-beaufort.lu\\\/de\\\/presentation\\\/introduction\\\/\"},{\"@type\":\"ListItem\",\"position\":4,\"name\":\"Datenschutz\"}]},{\"@type\":\"WebSite\",\"@id\":\"https:\\\/\\\/officesocial-beaufort.lu\\\/de\\\/#website\",\"url\":\"https:\\\/\\\/officesocial-beaufort.lu\\\/de\\\/\",\"name\":\"OS Beaufort\",\"description\":\"Office Social R\u00e9gional des Communes de Beaufort, Bech, Berdorf, Consdorf, Reisdorf\",\"potentialAction\":[{\"@type\":\"SearchAction\",\"target\":{\"@type\":\"EntryPoint\",\"urlTemplate\":\"https:\\\/\\\/officesocial-beaufort.lu\\\/de\\\/?s={search_term_string}\"},\"query-input\":{\"@type\":\"PropertyValueSpecification\",\"valueRequired\":true,\"valueName\":\"search_term_string\"}}],\"inLanguage\":\"de\"}]}<\/script>\n<!-- \/ Yoast SEO plugin. -->","yoast_head_json":{"title":"Datenschutz - OS Beaufort","robots":{"index":"index","follow":"follow","max-snippet":"max-snippet:-1","max-image-preview":"max-image-preview:large","max-video-preview":"max-video-preview:-1"},"canonical":"https:\/\/officesocial-beaufort.lu\/de\/vorstellung\/datenschutz\/","og_locale":"de_DE","og_type":"article","og_title":"Datenschutz - OS Beaufort","og_description":"Die allgemeine Regelung \u00fcber den Datenschutz (RGPD) sch\u00fctzt die Privatsph\u00e4re und die Rechte der Personen. Das Sozialamt verpflichtet sich die pers\u00f6nlichen Daten mit h\u00f6chster Vertraulichkeit und Konformit\u00e4t gegen\u00fcber der europ\u00e4ischen Regelung \u00fcber den Datenschutz (RGPD) zu behandeln. Die pers\u00f6nlichen Daten werden von den Mitarbeitern des Sozialamtes nur im Zusammenhang mit deren Missionen benutzt.","og_url":"https:\/\/officesocial-beaufort.lu\/de\/vorstellung\/datenschutz\/","og_site_name":"OS Beaufort","article_modified_time":"2022-10-03T07:40:58+00:00","twitter_card":"summary_large_image","twitter_misc":{"Gesch\u00e4tzte Lesezeit":"1\u00a0Minute"},"schema":{"@context":"https:\/\/schema.org","@graph":[{"@type":"WebPage","@id":"https:\/\/officesocial-beaufort.lu\/de\/vorstellung\/datenschutz\/","url":"https:\/\/officesocial-beaufort.lu\/de\/vorstellung\/datenschutz\/","name":"Datenschutz - OS Beaufort","isPartOf":{"@id":"https:\/\/officesocial-beaufort.lu\/de\/#website"},"datePublished":"2022-02-04T12:27:09+00:00","dateModified":"2022-10-03T07:40:58+00:00","breadcrumb":{"@id":"https:\/\/officesocial-beaufort.lu\/de\/vorstellung\/datenschutz\/#breadcrumb"},"inLanguage":"de","potentialAction":[{"@type":"ReadAction","target":["https:\/\/officesocial-beaufort.lu\/de\/vorstellung\/datenschutz\/"]}]},{"@type":"BreadcrumbList","@id":"https:\/\/officesocial-beaufort.lu\/de\/vorstellung\/datenschutz\/#breadcrumb","itemListElement":[{"@type":"ListItem","position":1,"name":"Accueil","item":"https:\/\/officesocial-beaufort.lu\/de\/"},{"@type":"ListItem","position":2,"name":"Vorstellung","item":"https:\/\/officesocial-beaufort.lu\/de\/presentation\/"},{"@type":"ListItem","position":3,"name":"Einleitung","item":"https:\/\/officesocial-beaufort.lu\/de\/presentation\/introduction\/"},{"@type":"ListItem","position":4,"name":"Datenschutz"}]},{"@type":"WebSite","@id":"https:\/\/officesocial-beaufort.lu\/de\/#website","url":"https:\/\/officesocial-beaufort.lu\/de\/","name":"OS Beaufort","description":"Office Social R\u00e9gional des Communes de Beaufort, Bech, Berdorf, Consdorf, Reisdorf","potentialAction":[{"@type":"SearchAction","target":{"@type":"EntryPoint","urlTemplate":"https:\/\/officesocial-beaufort.lu\/de\/?s={search_term_string}"},"query-input":{"@type":"PropertyValueSpecification","valueRequired":true,"valueName":"search_term_string"}}],"inLanguage":"de"}]}},"publishpress_future_action":{"enabled":false,"date":"2026-05-09 09:50:27","action":"change-status","newStatus":"draft","terms":[],"taxonomy":"translation_priority","extraData":[]},"publishpress_future_workflow_manual_trigger":{"enabledWorkflows":[]},"_links":{"self":[{"href":"https:\/\/officesocial-beaufort.lu\/de\/wp-json\/wp\/v2\/pages\/16324","targetHints":{"allow":["GET"]}}],"collection":[{"href":"https:\/\/officesocial-beaufort.lu\/de\/wp-json\/wp\/v2\/pages"}],"about":[{"href":"https:\/\/officesocial-beaufort.lu\/de\/wp-json\/wp\/v2\/types\/page"}],"author":[{"embeddable":true,"href":"https:\/\/officesocial-beaufort.lu\/de\/wp-json\/wp\/v2\/users\/1"}],"replies":[{"embeddable":true,"href":"https:\/\/officesocial-beaufort.lu\/de\/wp-json\/wp\/v2\/comments?post=16324"}],"version-history":[{"count":2,"href":"https:\/\/officesocial-beaufort.lu\/de\/wp-json\/wp\/v2\/pages\/16324\/revisions"}],"predecessor-version":[{"id":16326,"href":"https:\/\/officesocial-beaufort.lu\/de\/wp-json\/wp\/v2\/pages\/16324\/revisions\/16326"}],"up":[{"embeddable":true,"href":"https:\/\/officesocial-beaufort.lu\/de\/wp-json\/wp\/v2\/pages\/16201"}],"wp:attachment":[{"href":"https:\/\/officesocial-beaufort.lu\/de\/wp-json\/wp\/v2\/media?parent=16324"}],"curies":[{"name":"wp","href":"https:\/\/api.w.org\/{rel}","templated":true}]}}

<p>[et_pb_section fb_built=&#8220;1&#8243; _builder_version=&#8220;4.17.3&#8243; _module_preset=&#8220;default&#8220; global_colors_info=&#8220;{}&#8220; theme_builder_area=&#8220;post_content&#8220;][et_pb_row _builder_version=&#8220;4.17.3&#8243; _module_preset=&#8220;default&#8220; global_colors_info=&#8220;{}&#8220; theme_builder_area=&#8220;post_content&#8220;][et_pb_column type=&#8220;4_4&#8243; _builder_version=&#8220;4.17.3&#8243; _module_preset=&#8220;default&#8220; global_colors_info=&#8220;{}&#8220; theme_builder_area=&#8220;post_content&#8220;][et_pb_text _builder_version=&#8220;4.17.3&#8243; _module_preset=&#8220;default&#8220; background_color=&#8220;#F7F6FC&#8220; custom_padding=&#8220;20px|20px|20px|20px|false|false&#8220; hover_enabled=&#8220;0&#8243; global_colors_info=&#8220;{}&#8220; theme_builder_area=&#8220;post_content&#8220; sticky_enabled=&#8220;0&#8243;]</p>
<p>Die allgemeine Regelung über den Datenschutz (RGPD) schützt die Privatsphäre und die Rechte der Personen.</p>
<p>Das Sozialamt verpflichtet sich die persönlichen Daten mit höchster Vertraulichkeit und Konformität gegenüber der europäischen Regelung über den Datenschutz (RGPD) zu behandeln. Die persönlichen Daten werden von den Mitarbeitern des Sozialamtes nur im Zusammenhang mit deren Missionen benutzt.</p>
<p>[/et_pb_text][/et_pb_column][/et_pb_row][/et_pb_section]</p>

<p>Die allgemeine Regelung über den Datenschutz (RGPD) schützt die Privatsphäre und die Rechte der Personen. Das Sozialamt verpflichtet sich die persönlichen Daten mit höchster Vertraulichkeit und Konformität gegenüber der europäischen Regelung über den Datenschutz (RGPD) zu behandeln. Die persönlichen Daten werden von den Mitarbeitern des Sozialamtes nur im Zusammenhang mit deren Missionen benutzt.</p>

<!-- This site is optimized with the Yoast SEO plugin v27.5 - https://yoast.com/product/yoast-seo-wordpress/ -->
<title>Datenschutz - OS Beaufort</title>
<meta name="robots" content="index, follow, max-snippet:-1, max-image-preview:large, max-video-preview:-1" />
<link rel="canonical" href="https://officesocial-beaufort.lu/de/vorstellung/datenschutz/" />
<meta property="og:locale" content="de_DE" />
<meta property="og:type" content="article" />
<meta property="og:title" content="Datenschutz - OS Beaufort" />
<meta property="og:description" content="Die allgemeine Regelung über den Datenschutz (RGPD) schützt die Privatsphäre und die Rechte der Personen. Das Sozialamt verpflichtet sich die persönlichen Daten mit höchster Vertraulichkeit und Konformität gegenüber der europäischen Regelung über den Datenschutz (RGPD) zu behandeln. Die persönlichen Daten werden von den Mitarbeitern des Sozialamtes nur im Zusammenhang mit deren Missionen benutzt." />
<meta property="og:url" content="https://officesocial-beaufort.lu/de/vorstellung/datenschutz/" />
<meta property="og:site_name" content="OS Beaufort" />
<meta property="article:modified_time" content="2022-10-03T07:40:58+00:00" />
<meta name="twitter:card" content="summary_large_image" />
<meta name="twitter:label1" content="Geschätzte Lesezeit" />
	<meta name="twitter:data1" content="1 Minute" />
<script type="application/ld+json" class="yoast-schema-graph">{"@context":"https:\/\/schema.org","@graph":[{"@type":"WebPage","@id":"https:\/\/officesocial-beaufort.lu\/de\/vorstellung\/datenschutz\/","url":"https:\/\/officesocial-beaufort.lu\/de\/vorstellung\/datenschutz\/","name":"Datenschutz - OS Beaufort","isPartOf":{"@id":"https:\/\/officesocial-beaufort.lu\/de\/#website"},"datePublished":"2022-02-04T12:27:09+00:00","dateModified":"2022-10-03T07:40:58+00:00","breadcrumb":{"@id":"https:\/\/officesocial-beaufort.lu\/de\/vorstellung\/datenschutz\/#breadcrumb"},"inLanguage":"de","potentialAction":[{"@type":"ReadAction","target":["https:\/\/officesocial-beaufort.lu\/de\/vorstellung\/datenschutz\/"]}]},{"@type":"BreadcrumbList","@id":"https:\/\/officesocial-beaufort.lu\/de\/vorstellung\/datenschutz\/#breadcrumb","itemListElement":[{"@type":"ListItem","position":1,"name":"Accueil","item":"https:\/\/officesocial-beaufort.lu\/de\/"},{"@type":"ListItem","position":2,"name":"Vorstellung","item":"https:\/\/officesocial-beaufort.lu\/de\/presentation\/"},{"@type":"ListItem","position":3,"name":"Einleitung","item":"https:\/\/officesocial-beaufort.lu\/de\/presentation\/introduction\/"},{"@type":"ListItem","position":4,"name":"Datenschutz"}]},{"@type":"WebSite","@id":"https:\/\/officesocial-beaufort.lu\/de\/#website","url":"https:\/\/officesocial-beaufort.lu\/de\/","name":"OS Beaufort","description":"Office Social Régional des Communes de Beaufort, Bech, Berdorf, Consdorf, Reisdorf","potentialAction":[{"@type":"SearchAction","target":{"@type":"EntryPoint","urlTemplate":"https:\/\/officesocial-beaufort.lu\/de\/?s={search_term_string}"},"query-input":{"@type":"PropertyValueSpecification","valueRequired":true,"valueName":"search_term_string"}}],"inLanguage":"de"}]}</script>
<!-- / Yoast SEO plugin. -->

Die allgemeine Regelung über den Datenschutz (RGPD) schützt die Privatsphäre und die Rechte der Personen. Das Sozialamt verpflichtet sich die persönlichen Daten mit höchster Vertraulichkeit und Konformität gegenüber der europäischen Regelung über den Datenschutz (RGPD) zu behandeln. Die persönlichen Daten werden von den Mitarbeitern des Sozialamtes nur im Zusammenhang mit deren Missionen benutzt.

Office Social Régional des Communes de Beaufort, Bech, Berdorf, Consdorf, Reisdorf
