{"id":16360,"date":"2022-09-29T05:39:42","date_gmt":"2022-09-29T05:39:42","guid":{"rendered":"https:\/\/osbeaufort.sigi.website\/regional-beauftragte-fuer-soziale-eingliederung\/rechtliche-rahmenbedingungen\/"},"modified":"2022-10-03T09:20:54","modified_gmt":"2022-10-03T09:20:54","slug":"rechtliche-rahmenbedingungen","status":"publish","type":"page","link":"https:\/\/officesocial-beaufort.lu\/de\/regional-beauftragte-fuer-soziale-eingliederung\/rechtliche-rahmenbedingungen\/","title":{"rendered":"Rechtliche Rahmenbedingungen"},"content":{"rendered":"<p>[et_pb_section fb_built=&#8220;1&#8243; _builder_version=&#8220;4.17.3&#8243; _module_preset=&#8220;default&#8220; global_colors_info=&#8220;{}&#8220; theme_builder_area=&#8220;post_content&#8220;][et_pb_row _builder_version=&#8220;4.17.3&#8243; _module_preset=&#8220;default&#8220; global_colors_info=&#8220;{}&#8220; theme_builder_area=&#8220;post_content&#8220;][et_pb_column type=&#8220;4_4&#8243; _builder_version=&#8220;4.17.3&#8243; _module_preset=&#8220;default&#8220; global_colors_info=&#8220;{}&#8220; theme_builder_area=&#8220;post_content&#8220;][et_pb_text _builder_version=&#8220;4.17.3&#8243; _module_preset=&#8220;default&#8220; background_color=&#8220;#F7F6FC&#8220; custom_padding=&#8220;20px|20px|20px|20px|false|false&#8220; hover_enabled=&#8220;0&#8243; global_colors_info=&#8220;{}&#8220; theme_builder_area=&#8220;post_content&#8220; sticky_enabled=&#8220;0&#8243;]<\/p>\n<p style=\"text-align: justify;\">Die Regionalen Beauftragten f\u00fcr soziale Eingliederung (ARIS) sind nach dem ge\u00e4nderten Gesetz vom 28. Juli 2018 \u00fcber Einkommen aus sozialer Eingliederung ebenfalls Teil des Sozialamts.<\/p>\n<p style=\"text-align: justify;\">Dieses Gesetz sieht seit Januar 2019 die Einrichtung regionaler Beauftragter f\u00fcr soziale Eingliederung (ARIS) in den Sozial\u00e4mtern vor.<\/p>\n<p style=\"text-align: justify;\">Die ARIS arbeiten nur nach Vereinbarung mit Personen, die das REVIS erhalten, auf dem Gebiet einer der f\u00fcnf Gemeinden wohnen und vom Nationalen Amt f\u00fcr soziale Eingliederung (ONIS) orientiert wurden.<\/p>\n<p style=\"text-align: justify;\">Das Nationale Amt f\u00fcr soziale Eingliederung (ONIS) koordiniert die T\u00e4tigkeit der regionalen Beauftragten f\u00fcr soziale Eingliederung (ARIS), um die Gleichbehandlung der Beg\u00fcnstigten vor dem Gesetz zu gew\u00e4hrleisten. Es stellt die korrekte Anwendung der festgelegten Richtlinien sicher und greift auch ein, wenn die Beziehung zwischen dem Beg\u00fcnstigten und dem regionalen Beauftragten f\u00fcr soziale Eingliederung konflikthaft zu werden droht.<\/p>\n<p style=\"text-align: justify;\">Weitere Informationen zum Einkommen f\u00fcr soziale Eingliederung oder zur Rolle des regionalen Eingliederungsbeauftragten finden Sie unter folgendem Link: https:\/\/revis.public.lu\/fr.html<\/p>\n<p>[\/et_pb_text][\/et_pb_column][\/et_pb_row][\/et_pb_section]<\/p>\n","protected":false},"excerpt":{"rendered":"<p>Die Regionalen Beauftragten f\u00fcr soziale Eingliederung (ARIS) sind nach dem ge\u00e4nderten Gesetz vom 28. Juli 2018 \u00fcber Einkommen aus sozialer Eingliederung ebenfalls Teil des Sozialamts. Dieses Gesetz sieht seit Januar 2019 die Einrichtung regionaler Beauftragter f\u00fcr soziale Eingliederung (ARIS) in den Sozial\u00e4mtern vor. Die ARIS arbeiten nur nach Vereinbarung mit Personen, die das REVIS erhalten, [&hellip;]<\/p>\n","protected":false},"author":1,"featured_media":0,"parent":16207,"menu_order":0,"comment_status":"closed","ping_status":"closed","template":"","meta":{"_et_pb_use_builder":"on","_et_pb_old_content":"","_et_gb_content_width":"","_lmt_disableupdate":"","_lmt_disable":"","footnotes":""},"class_list":["post-16360","page","type-page","status-publish","hentry"],"yoast_head":"<!-- This site is optimized with the Yoast SEO plugin v27.5 - https:\/\/yoast.com\/product\/yoast-seo-wordpress\/ -->\n<title>Rechtliche Rahmenbedingungen - OS Beaufort<\/title>\n<meta name=\"robots\" content=\"index, follow, max-snippet:-1, max-image-preview:large, max-video-preview:-1\" \/>\n<link rel=\"canonical\" href=\"https:\/\/officesocial-beaufort.lu\/de\/regional-beauftragte-fuer-soziale-eingliederung\/rechtliche-rahmenbedingungen\/\" \/>\n<meta property=\"og:locale\" content=\"de_DE\" \/>\n<meta property=\"og:type\" content=\"article\" \/>\n<meta property=\"og:title\" content=\"Rechtliche Rahmenbedingungen - OS Beaufort\" \/>\n<meta property=\"og:description\" content=\"Die Regionalen Beauftragten f\u00fcr soziale Eingliederung (ARIS) sind nach dem ge\u00e4nderten Gesetz vom 28. Juli 2018 \u00fcber Einkommen aus sozialer Eingliederung ebenfalls Teil des Sozialamts. Dieses Gesetz sieht seit Januar 2019 die Einrichtung regionaler Beauftragter f\u00fcr soziale Eingliederung (ARIS) in den Sozial\u00e4mtern vor. Die ARIS arbeiten nur nach Vereinbarung mit Personen, die das REVIS erhalten, [&hellip;]\" \/>\n<meta property=\"og:url\" content=\"https:\/\/officesocial-beaufort.lu\/de\/regional-beauftragte-fuer-soziale-eingliederung\/rechtliche-rahmenbedingungen\/\" \/>\n<meta property=\"og:site_name\" content=\"OS Beaufort\" \/>\n<meta property=\"article:modified_time\" content=\"2022-10-03T09:20:54+00:00\" \/>\n<meta name=\"twitter:card\" content=\"summary_large_image\" \/>\n<meta name=\"twitter:label1\" content=\"Gesch\u00e4tzte Lesezeit\" \/>\n\t<meta name=\"twitter:data1\" content=\"1\u00a0Minute\" \/>\n<script type=\"application\/ld+json\" class=\"yoast-schema-graph\">{\"@context\":\"https:\\\/\\\/schema.org\",\"@graph\":[{\"@type\":\"WebPage\",\"@id\":\"https:\\\/\\\/officesocial-beaufort.lu\\\/de\\\/regional-beauftragte-fuer-soziale-eingliederung\\\/rechtliche-rahmenbedingungen\\\/\",\"url\":\"https:\\\/\\\/officesocial-beaufort.lu\\\/de\\\/regional-beauftragte-fuer-soziale-eingliederung\\\/rechtliche-rahmenbedingungen\\\/\",\"name\":\"Rechtliche Rahmenbedingungen - OS Beaufort\",\"isPartOf\":{\"@id\":\"https:\\\/\\\/officesocial-beaufort.lu\\\/de\\\/#website\"},\"datePublished\":\"2022-09-29T05:39:42+00:00\",\"dateModified\":\"2022-10-03T09:20:54+00:00\",\"breadcrumb\":{\"@id\":\"https:\\\/\\\/officesocial-beaufort.lu\\\/de\\\/regional-beauftragte-fuer-soziale-eingliederung\\\/rechtliche-rahmenbedingungen\\\/#breadcrumb\"},\"inLanguage\":\"de\",\"potentialAction\":[{\"@type\":\"ReadAction\",\"target\":[\"https:\\\/\\\/officesocial-beaufort.lu\\\/de\\\/regional-beauftragte-fuer-soziale-eingliederung\\\/rechtliche-rahmenbedingungen\\\/\"]}]},{\"@type\":\"BreadcrumbList\",\"@id\":\"https:\\\/\\\/officesocial-beaufort.lu\\\/de\\\/regional-beauftragte-fuer-soziale-eingliederung\\\/rechtliche-rahmenbedingungen\\\/#breadcrumb\",\"itemListElement\":[{\"@type\":\"ListItem\",\"position\":1,\"name\":\"Accueil\",\"item\":\"https:\\\/\\\/officesocial-beaufort.lu\\\/de\\\/\"},{\"@type\":\"ListItem\",\"position\":2,\"name\":\"Regional Beauftragte f\u00fcr soziale Eingliederung\",\"item\":\"https:\\\/\\\/officesocial-beaufort.lu\\\/de\\\/agent-regional-dinclusion-sociale\\\/\"},{\"@type\":\"ListItem\",\"position\":3,\"name\":\"Rechtliche Rahmenbedingungen\"}]},{\"@type\":\"WebSite\",\"@id\":\"https:\\\/\\\/officesocial-beaufort.lu\\\/de\\\/#website\",\"url\":\"https:\\\/\\\/officesocial-beaufort.lu\\\/de\\\/\",\"name\":\"OS Beaufort\",\"description\":\"Office Social R\u00e9gional des Communes de Beaufort, Bech, Berdorf, Consdorf, Reisdorf\",\"potentialAction\":[{\"@type\":\"SearchAction\",\"target\":{\"@type\":\"EntryPoint\",\"urlTemplate\":\"https:\\\/\\\/officesocial-beaufort.lu\\\/de\\\/?s={search_term_string}\"},\"query-input\":{\"@type\":\"PropertyValueSpecification\",\"valueRequired\":true,\"valueName\":\"search_term_string\"}}],\"inLanguage\":\"de\"}]}<\/script>\n<!-- \/ Yoast SEO plugin. -->","yoast_head_json":{"title":"Rechtliche Rahmenbedingungen - OS Beaufort","robots":{"index":"index","follow":"follow","max-snippet":"max-snippet:-1","max-image-preview":"max-image-preview:large","max-video-preview":"max-video-preview:-1"},"canonical":"https:\/\/officesocial-beaufort.lu\/de\/regional-beauftragte-fuer-soziale-eingliederung\/rechtliche-rahmenbedingungen\/","og_locale":"de_DE","og_type":"article","og_title":"Rechtliche Rahmenbedingungen - OS Beaufort","og_description":"Die Regionalen Beauftragten f\u00fcr soziale Eingliederung (ARIS) sind nach dem ge\u00e4nderten Gesetz vom 28. Juli 2018 \u00fcber Einkommen aus sozialer Eingliederung ebenfalls Teil des Sozialamts. Dieses Gesetz sieht seit Januar 2019 die Einrichtung regionaler Beauftragter f\u00fcr soziale Eingliederung (ARIS) in den Sozial\u00e4mtern vor. Die ARIS arbeiten nur nach Vereinbarung mit Personen, die das REVIS erhalten, [&hellip;]","og_url":"https:\/\/officesocial-beaufort.lu\/de\/regional-beauftragte-fuer-soziale-eingliederung\/rechtliche-rahmenbedingungen\/","og_site_name":"OS Beaufort","article_modified_time":"2022-10-03T09:20:54+00:00","twitter_card":"summary_large_image","twitter_misc":{"Gesch\u00e4tzte Lesezeit":"1\u00a0Minute"},"schema":{"@context":"https:\/\/schema.org","@graph":[{"@type":"WebPage","@id":"https:\/\/officesocial-beaufort.lu\/de\/regional-beauftragte-fuer-soziale-eingliederung\/rechtliche-rahmenbedingungen\/","url":"https:\/\/officesocial-beaufort.lu\/de\/regional-beauftragte-fuer-soziale-eingliederung\/rechtliche-rahmenbedingungen\/","name":"Rechtliche Rahmenbedingungen - OS Beaufort","isPartOf":{"@id":"https:\/\/officesocial-beaufort.lu\/de\/#website"},"datePublished":"2022-09-29T05:39:42+00:00","dateModified":"2022-10-03T09:20:54+00:00","breadcrumb":{"@id":"https:\/\/officesocial-beaufort.lu\/de\/regional-beauftragte-fuer-soziale-eingliederung\/rechtliche-rahmenbedingungen\/#breadcrumb"},"inLanguage":"de","potentialAction":[{"@type":"ReadAction","target":["https:\/\/officesocial-beaufort.lu\/de\/regional-beauftragte-fuer-soziale-eingliederung\/rechtliche-rahmenbedingungen\/"]}]},{"@type":"BreadcrumbList","@id":"https:\/\/officesocial-beaufort.lu\/de\/regional-beauftragte-fuer-soziale-eingliederung\/rechtliche-rahmenbedingungen\/#breadcrumb","itemListElement":[{"@type":"ListItem","position":1,"name":"Accueil","item":"https:\/\/officesocial-beaufort.lu\/de\/"},{"@type":"ListItem","position":2,"name":"Regional Beauftragte f\u00fcr soziale Eingliederung","item":"https:\/\/officesocial-beaufort.lu\/de\/agent-regional-dinclusion-sociale\/"},{"@type":"ListItem","position":3,"name":"Rechtliche Rahmenbedingungen"}]},{"@type":"WebSite","@id":"https:\/\/officesocial-beaufort.lu\/de\/#website","url":"https:\/\/officesocial-beaufort.lu\/de\/","name":"OS Beaufort","description":"Office Social R\u00e9gional des Communes de Beaufort, Bech, Berdorf, Consdorf, Reisdorf","potentialAction":[{"@type":"SearchAction","target":{"@type":"EntryPoint","urlTemplate":"https:\/\/officesocial-beaufort.lu\/de\/?s={search_term_string}"},"query-input":{"@type":"PropertyValueSpecification","valueRequired":true,"valueName":"search_term_string"}}],"inLanguage":"de"}]}},"publishpress_future_action":{"enabled":false,"date":"2026-05-07 12:55:34","action":"change-status","newStatus":"draft","terms":[],"taxonomy":"translation_priority","extraData":[]},"publishpress_future_workflow_manual_trigger":{"enabledWorkflows":[]},"_links":{"self":[{"href":"https:\/\/officesocial-beaufort.lu\/de\/wp-json\/wp\/v2\/pages\/16360","targetHints":{"allow":["GET"]}}],"collection":[{"href":"https:\/\/officesocial-beaufort.lu\/de\/wp-json\/wp\/v2\/pages"}],"about":[{"href":"https:\/\/officesocial-beaufort.lu\/de\/wp-json\/wp\/v2\/types\/page"}],"author":[{"embeddable":true,"href":"https:\/\/officesocial-beaufort.lu\/de\/wp-json\/wp\/v2\/users\/1"}],"replies":[{"embeddable":true,"href":"https:\/\/officesocial-beaufort.lu\/de\/wp-json\/wp\/v2\/comments?post=16360"}],"version-history":[{"count":3,"href":"https:\/\/officesocial-beaufort.lu\/de\/wp-json\/wp\/v2\/pages\/16360\/revisions"}],"predecessor-version":[{"id":16372,"href":"https:\/\/officesocial-beaufort.lu\/de\/wp-json\/wp\/v2\/pages\/16360\/revisions\/16372"}],"up":[{"embeddable":true,"href":"https:\/\/officesocial-beaufort.lu\/de\/wp-json\/wp\/v2\/pages\/16207"}],"wp:attachment":[{"href":"https:\/\/officesocial-beaufort.lu\/de\/wp-json\/wp\/v2\/media?parent=16360"}],"curies":[{"name":"wp","href":"https:\/\/api.w.org\/{rel}","templated":true}]}}

<p>[et_pb_section fb_built=&#8220;1&#8243; _builder_version=&#8220;4.17.3&#8243; _module_preset=&#8220;default&#8220; global_colors_info=&#8220;{}&#8220; theme_builder_area=&#8220;post_content&#8220;][et_pb_row _builder_version=&#8220;4.17.3&#8243; _module_preset=&#8220;default&#8220; global_colors_info=&#8220;{}&#8220; theme_builder_area=&#8220;post_content&#8220;][et_pb_column type=&#8220;4_4&#8243; _builder_version=&#8220;4.17.3&#8243; _module_preset=&#8220;default&#8220; global_colors_info=&#8220;{}&#8220; theme_builder_area=&#8220;post_content&#8220;][et_pb_text _builder_version=&#8220;4.17.3&#8243; _module_preset=&#8220;default&#8220; background_color=&#8220;#F7F6FC&#8220; custom_padding=&#8220;20px|20px|20px|20px|false|false&#8220; hover_enabled=&#8220;0&#8243; global_colors_info=&#8220;{}&#8220; theme_builder_area=&#8220;post_content&#8220; sticky_enabled=&#8220;0&#8243;]</p>
<p style="text-align: justify;">Die Regionalen Beauftragten für soziale Eingliederung (ARIS) sind nach dem geänderten Gesetz vom 28. Juli 2018 über Einkommen aus sozialer Eingliederung ebenfalls Teil des Sozialamts.</p>
<p style="text-align: justify;">Dieses Gesetz sieht seit Januar 2019 die Einrichtung regionaler Beauftragter für soziale Eingliederung (ARIS) in den Sozialämtern vor.</p>
<p style="text-align: justify;">Die ARIS arbeiten nur nach Vereinbarung mit Personen, die das REVIS erhalten, auf dem Gebiet einer der fünf Gemeinden wohnen und vom Nationalen Amt für soziale Eingliederung (ONIS) orientiert wurden.</p>
<p style="text-align: justify;">Das Nationale Amt für soziale Eingliederung (ONIS) koordiniert die Tätigkeit der regionalen Beauftragten für soziale Eingliederung (ARIS), um die Gleichbehandlung der Begünstigten vor dem Gesetz zu gewährleisten. Es stellt die korrekte Anwendung der festgelegten Richtlinien sicher und greift auch ein, wenn die Beziehung zwischen dem Begünstigten und dem regionalen Beauftragten für soziale Eingliederung konflikthaft zu werden droht.</p>
<p style="text-align: justify;">Weitere Informationen zum Einkommen für soziale Eingliederung oder zur Rolle des regionalen Eingliederungsbeauftragten finden Sie unter folgendem Link: https://revis.public.lu/fr.html</p>
<p>[/et_pb_text][/et_pb_column][/et_pb_row][/et_pb_section]</p>

<p>Die Regionalen Beauftragten für soziale Eingliederung (ARIS) sind nach dem geänderten Gesetz vom 28. Juli 2018 über Einkommen aus sozialer Eingliederung ebenfalls Teil des Sozialamts. Dieses Gesetz sieht seit Januar 2019 die Einrichtung regionaler Beauftragter für soziale Eingliederung (ARIS) in den Sozialämtern vor. Die ARIS arbeiten nur nach Vereinbarung mit Personen, die das REVIS erhalten, [&hellip;]</p>

<!-- This site is optimized with the Yoast SEO plugin v27.5 - https://yoast.com/product/yoast-seo-wordpress/ -->
<title>Rechtliche Rahmenbedingungen - OS Beaufort</title>
<meta name="robots" content="index, follow, max-snippet:-1, max-image-preview:large, max-video-preview:-1" />
<link rel="canonical" href="https://officesocial-beaufort.lu/de/regional-beauftragte-fuer-soziale-eingliederung/rechtliche-rahmenbedingungen/" />
<meta property="og:locale" content="de_DE" />
<meta property="og:type" content="article" />
<meta property="og:title" content="Rechtliche Rahmenbedingungen - OS Beaufort" />
<meta property="og:description" content="Die Regionalen Beauftragten für soziale Eingliederung (ARIS) sind nach dem geänderten Gesetz vom 28. Juli 2018 über Einkommen aus sozialer Eingliederung ebenfalls Teil des Sozialamts. Dieses Gesetz sieht seit Januar 2019 die Einrichtung regionaler Beauftragter für soziale Eingliederung (ARIS) in den Sozialämtern vor. Die ARIS arbeiten nur nach Vereinbarung mit Personen, die das REVIS erhalten, [&hellip;]" />
<meta property="og:url" content="https://officesocial-beaufort.lu/de/regional-beauftragte-fuer-soziale-eingliederung/rechtliche-rahmenbedingungen/" />
<meta property="og:site_name" content="OS Beaufort" />
<meta property="article:modified_time" content="2022-10-03T09:20:54+00:00" />
<meta name="twitter:card" content="summary_large_image" />
<meta name="twitter:label1" content="Geschätzte Lesezeit" />
	<meta name="twitter:data1" content="1 Minute" />
<script type="application/ld+json" class="yoast-schema-graph">{"@context":"https:\/\/schema.org","@graph":[{"@type":"WebPage","@id":"https:\/\/officesocial-beaufort.lu\/de\/regional-beauftragte-fuer-soziale-eingliederung\/rechtliche-rahmenbedingungen\/","url":"https:\/\/officesocial-beaufort.lu\/de\/regional-beauftragte-fuer-soziale-eingliederung\/rechtliche-rahmenbedingungen\/","name":"Rechtliche Rahmenbedingungen - OS Beaufort","isPartOf":{"@id":"https:\/\/officesocial-beaufort.lu\/de\/#website"},"datePublished":"2022-09-29T05:39:42+00:00","dateModified":"2022-10-03T09:20:54+00:00","breadcrumb":{"@id":"https:\/\/officesocial-beaufort.lu\/de\/regional-beauftragte-fuer-soziale-eingliederung\/rechtliche-rahmenbedingungen\/#breadcrumb"},"inLanguage":"de","potentialAction":[{"@type":"ReadAction","target":["https:\/\/officesocial-beaufort.lu\/de\/regional-beauftragte-fuer-soziale-eingliederung\/rechtliche-rahmenbedingungen\/"]}]},{"@type":"BreadcrumbList","@id":"https:\/\/officesocial-beaufort.lu\/de\/regional-beauftragte-fuer-soziale-eingliederung\/rechtliche-rahmenbedingungen\/#breadcrumb","itemListElement":[{"@type":"ListItem","position":1,"name":"Accueil","item":"https:\/\/officesocial-beaufort.lu\/de\/"},{"@type":"ListItem","position":2,"name":"Regional Beauftragte für soziale Eingliederung","item":"https:\/\/officesocial-beaufort.lu\/de\/agent-regional-dinclusion-sociale\/"},{"@type":"ListItem","position":3,"name":"Rechtliche Rahmenbedingungen"}]},{"@type":"WebSite","@id":"https:\/\/officesocial-beaufort.lu\/de\/#website","url":"https:\/\/officesocial-beaufort.lu\/de\/","name":"OS Beaufort","description":"Office Social Régional des Communes de Beaufort, Bech, Berdorf, Consdorf, Reisdorf","potentialAction":[{"@type":"SearchAction","target":{"@type":"EntryPoint","urlTemplate":"https:\/\/officesocial-beaufort.lu\/de\/?s={search_term_string}"},"query-input":{"@type":"PropertyValueSpecification","valueRequired":true,"valueName":"search_term_string"}}],"inLanguage":"de"}]}</script>
<!-- / Yoast SEO plugin. -->

Die Regionalen Beauftragten für soziale Eingliederung (ARIS) sind nach dem geänderten Gesetz vom 28. Juli 2018 über Einkommen aus sozialer Eingliederung ebenfalls Teil des Sozialamts. Dieses Gesetz sieht seit Januar 2019 die Einrichtung regionaler Beauftragter für soziale Eingliederung (ARIS) in den Sozialämtern vor. Die ARIS arbeiten nur nach Vereinbarung mit Personen, die das REVIS erhalten, [&hellip;]

Regional Beauftragte für soziale Eingliederung

Office Social Régional des Communes de Beaufort, Bech, Berdorf, Consdorf, Reisdorf
