{"id":16363,"date":"2022-02-04T14:00:14","date_gmt":"2022-02-04T13:00:14","guid":{"rendered":"https:\/\/osbeaufort.sigi.website\/regional-beauftragte-fuer-soziale-eingliederung\/aufgaben\/"},"modified":"2024-01-23T11:58:13","modified_gmt":"2024-01-23T10:58:13","slug":"aufgaben","status":"publish","type":"page","link":"https:\/\/officesocial-beaufort.lu\/de\/regional-beauftragte-fuer-soziale-eingliederung\/aufgaben\/","title":{"rendered":"Aufgaben"},"content":{"rendered":"<p>[et_pb_section fb_built=&#8220;1&#8243; _builder_version=&#8220;4.17.3&#8243; _module_preset=&#8220;default&#8220; global_colors_info=&#8220;{}&#8220; theme_builder_area=&#8220;post_content&#8220;][et_pb_row _builder_version=&#8220;4.17.3&#8243; _module_preset=&#8220;default&#8220; global_colors_info=&#8220;{}&#8220; theme_builder_area=&#8220;post_content&#8220;][et_pb_column type=&#8220;4_4&#8243; _builder_version=&#8220;4.17.3&#8243; _module_preset=&#8220;default&#8220; global_colors_info=&#8220;{}&#8220; theme_builder_area=&#8220;post_content&#8220;][et_pb_text _builder_version=&#8220;4.17.3&#8243; _module_preset=&#8220;default&#8220; background_color=&#8220;#F7F6FC&#8220; custom_padding=&#8220;20px|20px|20px|20px|false|false&#8220; global_colors_info=&#8220;{}&#8220; theme_builder_area=&#8220;post_content&#8220;]<\/p>\n<p>Die Aufgaben der Regionalbeauftragten sind folgende:<\/p>\n<p>&nbsp;<\/p>\n<ul>\n<li>Bearbeitung der vom ONIS \u00fcbermittelten Akten;<\/li>\n<li>Erstellung, mit dem Bezieher, des in Artikel 16 des REVIS-Gesetzes vorgesehenen personalisierten Aktivierungsplans und Aktualisierung desselben;<\/li>\n<li>Organisation der im Aktivierungsplan vorgesehenen Aktivierungsma\u00dfnahmen laut Gesetzesartikel 17 und Vorbereitung der vorgeschriebenen Verwaltungsdokumente;<\/li>\n<li>Sicherung eines guten Ma\u00dfnahmeverlaufs durch regelm\u00e4\u00dfigen Kontakt zum Bezieher und den Verantwortlichen des Besch\u00e4ftigungsortes;<\/li>\n<li>Weiterleitung der Antragsteller und Bezieher der Aktivierungszulage an den Service de sant\u00e9 au travail multisectoriel (Arbeitsmedizin);<\/li>\n<li>Verwaltung der von Beziehern der Aktivierungszulage vorgelegten Arbeitsunf\u00e4higkeitsbescheinigungen und gegebenenfalls Einbestellung von Personen zur Kontrolle bei vom ONIS beauftragten Experten;<\/li>\n<\/ul>\n<p>[\/et_pb_text][\/et_pb_column][\/et_pb_row][\/et_pb_section]<\/p>\n","protected":false},"excerpt":{"rendered":"<p>Die Aufgaben der Regionalbeauftragten sind folgende: &nbsp; Bearbeitung der vom ONIS \u00fcbermittelten Akten; Erstellung, mit dem Bezieher, des in Artikel 16 des REVIS-Gesetzes vorgesehenen personalisierten Aktivierungsplans und Aktualisierung desselben; Organisation der im Aktivierungsplan vorgesehenen Aktivierungsma\u00dfnahmen laut Gesetzesartikel 17 und Vorbereitung der vorgeschriebenen Verwaltungsdokumente; Sicherung eines guten Ma\u00dfnahmeverlaufs durch regelm\u00e4\u00dfigen Kontakt zum Bezieher und den Verantwortlichen [&hellip;]<\/p>\n","protected":false},"author":1,"featured_media":0,"parent":16207,"menu_order":0,"comment_status":"closed","ping_status":"closed","template":"","meta":{"_et_pb_use_builder":"on","_et_pb_old_content":"","_et_gb_content_width":"","_lmt_disableupdate":"","_lmt_disable":"","footnotes":""},"class_list":["post-16363","page","type-page","status-publish","hentry"],"yoast_head":"<!-- This site is optimized with the Yoast SEO plugin v27.5 - https:\/\/yoast.com\/product\/yoast-seo-wordpress\/ -->\n<title>Aufgaben - OS Beaufort<\/title>\n<meta name=\"robots\" content=\"index, follow, max-snippet:-1, max-image-preview:large, max-video-preview:-1\" \/>\n<link rel=\"canonical\" href=\"https:\/\/officesocial-beaufort.lu\/de\/regional-beauftragte-fuer-soziale-eingliederung\/aufgaben\/\" \/>\n<meta property=\"og:locale\" content=\"de_DE\" \/>\n<meta property=\"og:type\" content=\"article\" \/>\n<meta property=\"og:title\" content=\"Aufgaben - OS Beaufort\" \/>\n<meta property=\"og:description\" content=\"Die Aufgaben der Regionalbeauftragten sind folgende: &nbsp; Bearbeitung der vom ONIS \u00fcbermittelten Akten; Erstellung, mit dem Bezieher, des in Artikel 16 des REVIS-Gesetzes vorgesehenen personalisierten Aktivierungsplans und Aktualisierung desselben; Organisation der im Aktivierungsplan vorgesehenen Aktivierungsma\u00dfnahmen laut Gesetzesartikel 17 und Vorbereitung der vorgeschriebenen Verwaltungsdokumente; Sicherung eines guten Ma\u00dfnahmeverlaufs durch regelm\u00e4\u00dfigen Kontakt zum Bezieher und den Verantwortlichen [&hellip;]\" \/>\n<meta property=\"og:url\" content=\"https:\/\/officesocial-beaufort.lu\/de\/regional-beauftragte-fuer-soziale-eingliederung\/aufgaben\/\" \/>\n<meta property=\"og:site_name\" content=\"OS Beaufort\" \/>\n<meta property=\"article:modified_time\" content=\"2024-01-23T10:58:13+00:00\" \/>\n<meta name=\"twitter:card\" content=\"summary_large_image\" \/>\n<meta name=\"twitter:label1\" content=\"Gesch\u00e4tzte Lesezeit\" \/>\n\t<meta name=\"twitter:data1\" content=\"1\u00a0Minute\" \/>\n<script type=\"application\/ld+json\" class=\"yoast-schema-graph\">{\"@context\":\"https:\\\/\\\/schema.org\",\"@graph\":[{\"@type\":\"WebPage\",\"@id\":\"https:\\\/\\\/officesocial-beaufort.lu\\\/de\\\/regional-beauftragte-fuer-soziale-eingliederung\\\/aufgaben\\\/\",\"url\":\"https:\\\/\\\/officesocial-beaufort.lu\\\/de\\\/regional-beauftragte-fuer-soziale-eingliederung\\\/aufgaben\\\/\",\"name\":\"Aufgaben - OS Beaufort\",\"isPartOf\":{\"@id\":\"https:\\\/\\\/officesocial-beaufort.lu\\\/de\\\/#website\"},\"datePublished\":\"2022-02-04T13:00:14+00:00\",\"dateModified\":\"2024-01-23T10:58:13+00:00\",\"breadcrumb\":{\"@id\":\"https:\\\/\\\/officesocial-beaufort.lu\\\/de\\\/regional-beauftragte-fuer-soziale-eingliederung\\\/aufgaben\\\/#breadcrumb\"},\"inLanguage\":\"de\",\"potentialAction\":[{\"@type\":\"ReadAction\",\"target\":[\"https:\\\/\\\/officesocial-beaufort.lu\\\/de\\\/regional-beauftragte-fuer-soziale-eingliederung\\\/aufgaben\\\/\"]}]},{\"@type\":\"BreadcrumbList\",\"@id\":\"https:\\\/\\\/officesocial-beaufort.lu\\\/de\\\/regional-beauftragte-fuer-soziale-eingliederung\\\/aufgaben\\\/#breadcrumb\",\"itemListElement\":[{\"@type\":\"ListItem\",\"position\":1,\"name\":\"Accueil\",\"item\":\"https:\\\/\\\/officesocial-beaufort.lu\\\/de\\\/\"},{\"@type\":\"ListItem\",\"position\":2,\"name\":\"Regional Beauftragte f\u00fcr soziale Eingliederung\",\"item\":\"https:\\\/\\\/officesocial-beaufort.lu\\\/de\\\/agent-regional-dinclusion-sociale\\\/\"},{\"@type\":\"ListItem\",\"position\":3,\"name\":\"Aufgaben\"}]},{\"@type\":\"WebSite\",\"@id\":\"https:\\\/\\\/officesocial-beaufort.lu\\\/de\\\/#website\",\"url\":\"https:\\\/\\\/officesocial-beaufort.lu\\\/de\\\/\",\"name\":\"OS Beaufort\",\"description\":\"Office Social R\u00e9gional des Communes de Beaufort, Bech, Berdorf, Consdorf, Reisdorf\",\"potentialAction\":[{\"@type\":\"SearchAction\",\"target\":{\"@type\":\"EntryPoint\",\"urlTemplate\":\"https:\\\/\\\/officesocial-beaufort.lu\\\/de\\\/?s={search_term_string}\"},\"query-input\":{\"@type\":\"PropertyValueSpecification\",\"valueRequired\":true,\"valueName\":\"search_term_string\"}}],\"inLanguage\":\"de\"}]}<\/script>\n<!-- \/ Yoast SEO plugin. -->","yoast_head_json":{"title":"Aufgaben - OS Beaufort","robots":{"index":"index","follow":"follow","max-snippet":"max-snippet:-1","max-image-preview":"max-image-preview:large","max-video-preview":"max-video-preview:-1"},"canonical":"https:\/\/officesocial-beaufort.lu\/de\/regional-beauftragte-fuer-soziale-eingliederung\/aufgaben\/","og_locale":"de_DE","og_type":"article","og_title":"Aufgaben - OS Beaufort","og_description":"Die Aufgaben der Regionalbeauftragten sind folgende: &nbsp; Bearbeitung der vom ONIS \u00fcbermittelten Akten; Erstellung, mit dem Bezieher, des in Artikel 16 des REVIS-Gesetzes vorgesehenen personalisierten Aktivierungsplans und Aktualisierung desselben; Organisation der im Aktivierungsplan vorgesehenen Aktivierungsma\u00dfnahmen laut Gesetzesartikel 17 und Vorbereitung der vorgeschriebenen Verwaltungsdokumente; Sicherung eines guten Ma\u00dfnahmeverlaufs durch regelm\u00e4\u00dfigen Kontakt zum Bezieher und den Verantwortlichen [&hellip;]","og_url":"https:\/\/officesocial-beaufort.lu\/de\/regional-beauftragte-fuer-soziale-eingliederung\/aufgaben\/","og_site_name":"OS Beaufort","article_modified_time":"2024-01-23T10:58:13+00:00","twitter_card":"summary_large_image","twitter_misc":{"Gesch\u00e4tzte Lesezeit":"1\u00a0Minute"},"schema":{"@context":"https:\/\/schema.org","@graph":[{"@type":"WebPage","@id":"https:\/\/officesocial-beaufort.lu\/de\/regional-beauftragte-fuer-soziale-eingliederung\/aufgaben\/","url":"https:\/\/officesocial-beaufort.lu\/de\/regional-beauftragte-fuer-soziale-eingliederung\/aufgaben\/","name":"Aufgaben - OS Beaufort","isPartOf":{"@id":"https:\/\/officesocial-beaufort.lu\/de\/#website"},"datePublished":"2022-02-04T13:00:14+00:00","dateModified":"2024-01-23T10:58:13+00:00","breadcrumb":{"@id":"https:\/\/officesocial-beaufort.lu\/de\/regional-beauftragte-fuer-soziale-eingliederung\/aufgaben\/#breadcrumb"},"inLanguage":"de","potentialAction":[{"@type":"ReadAction","target":["https:\/\/officesocial-beaufort.lu\/de\/regional-beauftragte-fuer-soziale-eingliederung\/aufgaben\/"]}]},{"@type":"BreadcrumbList","@id":"https:\/\/officesocial-beaufort.lu\/de\/regional-beauftragte-fuer-soziale-eingliederung\/aufgaben\/#breadcrumb","itemListElement":[{"@type":"ListItem","position":1,"name":"Accueil","item":"https:\/\/officesocial-beaufort.lu\/de\/"},{"@type":"ListItem","position":2,"name":"Regional Beauftragte f\u00fcr soziale Eingliederung","item":"https:\/\/officesocial-beaufort.lu\/de\/agent-regional-dinclusion-sociale\/"},{"@type":"ListItem","position":3,"name":"Aufgaben"}]},{"@type":"WebSite","@id":"https:\/\/officesocial-beaufort.lu\/de\/#website","url":"https:\/\/officesocial-beaufort.lu\/de\/","name":"OS Beaufort","description":"Office Social R\u00e9gional des Communes de Beaufort, Bech, Berdorf, Consdorf, Reisdorf","potentialAction":[{"@type":"SearchAction","target":{"@type":"EntryPoint","urlTemplate":"https:\/\/officesocial-beaufort.lu\/de\/?s={search_term_string}"},"query-input":{"@type":"PropertyValueSpecification","valueRequired":true,"valueName":"search_term_string"}}],"inLanguage":"de"}]}},"publishpress_future_action":{"enabled":false,"date":"2026-05-06 23:03:21","action":"change-status","newStatus":"draft","terms":[],"taxonomy":"translation_priority","extraData":[]},"publishpress_future_workflow_manual_trigger":{"enabledWorkflows":[]},"_links":{"self":[{"href":"https:\/\/officesocial-beaufort.lu\/de\/wp-json\/wp\/v2\/pages\/16363","targetHints":{"allow":["GET"]}}],"collection":[{"href":"https:\/\/officesocial-beaufort.lu\/de\/wp-json\/wp\/v2\/pages"}],"about":[{"href":"https:\/\/officesocial-beaufort.lu\/de\/wp-json\/wp\/v2\/types\/page"}],"author":[{"embeddable":true,"href":"https:\/\/officesocial-beaufort.lu\/de\/wp-json\/wp\/v2\/users\/1"}],"replies":[{"embeddable":true,"href":"https:\/\/officesocial-beaufort.lu\/de\/wp-json\/wp\/v2\/comments?post=16363"}],"version-history":[{"count":8,"href":"https:\/\/officesocial-beaufort.lu\/de\/wp-json\/wp\/v2\/pages\/16363\/revisions"}],"predecessor-version":[{"id":16839,"href":"https:\/\/officesocial-beaufort.lu\/de\/wp-json\/wp\/v2\/pages\/16363\/revisions\/16839"}],"up":[{"embeddable":true,"href":"https:\/\/officesocial-beaufort.lu\/de\/wp-json\/wp\/v2\/pages\/16207"}],"wp:attachment":[{"href":"https:\/\/officesocial-beaufort.lu\/de\/wp-json\/wp\/v2\/media?parent=16363"}],"curies":[{"name":"wp","href":"https:\/\/api.w.org\/{rel}","templated":true}]}}

<p>[et_pb_section fb_built=&#8220;1&#8243; _builder_version=&#8220;4.17.3&#8243; _module_preset=&#8220;default&#8220; global_colors_info=&#8220;{}&#8220; theme_builder_area=&#8220;post_content&#8220;][et_pb_row _builder_version=&#8220;4.17.3&#8243; _module_preset=&#8220;default&#8220; global_colors_info=&#8220;{}&#8220; theme_builder_area=&#8220;post_content&#8220;][et_pb_column type=&#8220;4_4&#8243; _builder_version=&#8220;4.17.3&#8243; _module_preset=&#8220;default&#8220; global_colors_info=&#8220;{}&#8220; theme_builder_area=&#8220;post_content&#8220;][et_pb_text _builder_version=&#8220;4.17.3&#8243; _module_preset=&#8220;default&#8220; background_color=&#8220;#F7F6FC&#8220; custom_padding=&#8220;20px|20px|20px|20px|false|false&#8220; global_colors_info=&#8220;{}&#8220; theme_builder_area=&#8220;post_content&#8220;]</p>
<p>Die Aufgaben der Regionalbeauftragten sind folgende:</p>
<p>&nbsp;</p>
<ul>
<li>Bearbeitung der vom ONIS übermittelten Akten;</li>
<li>Erstellung, mit dem Bezieher, des in Artikel 16 des REVIS-Gesetzes vorgesehenen personalisierten Aktivierungsplans und Aktualisierung desselben;</li>
<li>Organisation der im Aktivierungsplan vorgesehenen Aktivierungsmaßnahmen laut Gesetzesartikel 17 und Vorbereitung der vorgeschriebenen Verwaltungsdokumente;</li>
<li>Sicherung eines guten Maßnahmeverlaufs durch regelmäßigen Kontakt zum Bezieher und den Verantwortlichen des Beschäftigungsortes;</li>
<li>Weiterleitung der Antragsteller und Bezieher der Aktivierungszulage an den Service de santé au travail multisectoriel (Arbeitsmedizin);</li>
<li>Verwaltung der von Beziehern der Aktivierungszulage vorgelegten Arbeitsunfähigkeitsbescheinigungen und gegebenenfalls Einbestellung von Personen zur Kontrolle bei vom ONIS beauftragten Experten;</li>
</ul>
<p>[/et_pb_text][/et_pb_column][/et_pb_row][/et_pb_section]</p>

<p>Die Aufgaben der Regionalbeauftragten sind folgende: &nbsp; Bearbeitung der vom ONIS übermittelten Akten; Erstellung, mit dem Bezieher, des in Artikel 16 des REVIS-Gesetzes vorgesehenen personalisierten Aktivierungsplans und Aktualisierung desselben; Organisation der im Aktivierungsplan vorgesehenen Aktivierungsmaßnahmen laut Gesetzesartikel 17 und Vorbereitung der vorgeschriebenen Verwaltungsdokumente; Sicherung eines guten Maßnahmeverlaufs durch regelmäßigen Kontakt zum Bezieher und den Verantwortlichen [&hellip;]</p>

<!-- This site is optimized with the Yoast SEO plugin v27.5 - https://yoast.com/product/yoast-seo-wordpress/ -->
<title>Aufgaben - OS Beaufort</title>
<meta name="robots" content="index, follow, max-snippet:-1, max-image-preview:large, max-video-preview:-1" />
<link rel="canonical" href="https://officesocial-beaufort.lu/de/regional-beauftragte-fuer-soziale-eingliederung/aufgaben/" />
<meta property="og:locale" content="de_DE" />
<meta property="og:type" content="article" />
<meta property="og:title" content="Aufgaben - OS Beaufort" />
<meta property="og:description" content="Die Aufgaben der Regionalbeauftragten sind folgende: &nbsp; Bearbeitung der vom ONIS übermittelten Akten; Erstellung, mit dem Bezieher, des in Artikel 16 des REVIS-Gesetzes vorgesehenen personalisierten Aktivierungsplans und Aktualisierung desselben; Organisation der im Aktivierungsplan vorgesehenen Aktivierungsmaßnahmen laut Gesetzesartikel 17 und Vorbereitung der vorgeschriebenen Verwaltungsdokumente; Sicherung eines guten Maßnahmeverlaufs durch regelmäßigen Kontakt zum Bezieher und den Verantwortlichen [&hellip;]" />
<meta property="og:url" content="https://officesocial-beaufort.lu/de/regional-beauftragte-fuer-soziale-eingliederung/aufgaben/" />
<meta property="og:site_name" content="OS Beaufort" />
<meta property="article:modified_time" content="2024-01-23T10:58:13+00:00" />
<meta name="twitter:card" content="summary_large_image" />
<meta name="twitter:label1" content="Geschätzte Lesezeit" />
	<meta name="twitter:data1" content="1 Minute" />
<script type="application/ld+json" class="yoast-schema-graph">{"@context":"https:\/\/schema.org","@graph":[{"@type":"WebPage","@id":"https:\/\/officesocial-beaufort.lu\/de\/regional-beauftragte-fuer-soziale-eingliederung\/aufgaben\/","url":"https:\/\/officesocial-beaufort.lu\/de\/regional-beauftragte-fuer-soziale-eingliederung\/aufgaben\/","name":"Aufgaben - OS Beaufort","isPartOf":{"@id":"https:\/\/officesocial-beaufort.lu\/de\/#website"},"datePublished":"2022-02-04T13:00:14+00:00","dateModified":"2024-01-23T10:58:13+00:00","breadcrumb":{"@id":"https:\/\/officesocial-beaufort.lu\/de\/regional-beauftragte-fuer-soziale-eingliederung\/aufgaben\/#breadcrumb"},"inLanguage":"de","potentialAction":[{"@type":"ReadAction","target":["https:\/\/officesocial-beaufort.lu\/de\/regional-beauftragte-fuer-soziale-eingliederung\/aufgaben\/"]}]},{"@type":"BreadcrumbList","@id":"https:\/\/officesocial-beaufort.lu\/de\/regional-beauftragte-fuer-soziale-eingliederung\/aufgaben\/#breadcrumb","itemListElement":[{"@type":"ListItem","position":1,"name":"Accueil","item":"https:\/\/officesocial-beaufort.lu\/de\/"},{"@type":"ListItem","position":2,"name":"Regional Beauftragte für soziale Eingliederung","item":"https:\/\/officesocial-beaufort.lu\/de\/agent-regional-dinclusion-sociale\/"},{"@type":"ListItem","position":3,"name":"Aufgaben"}]},{"@type":"WebSite","@id":"https:\/\/officesocial-beaufort.lu\/de\/#website","url":"https:\/\/officesocial-beaufort.lu\/de\/","name":"OS Beaufort","description":"Office Social Régional des Communes de Beaufort, Bech, Berdorf, Consdorf, Reisdorf","potentialAction":[{"@type":"SearchAction","target":{"@type":"EntryPoint","urlTemplate":"https:\/\/officesocial-beaufort.lu\/de\/?s={search_term_string}"},"query-input":{"@type":"PropertyValueSpecification","valueRequired":true,"valueName":"search_term_string"}}],"inLanguage":"de"}]}</script>
<!-- / Yoast SEO plugin. -->

Die Aufgaben der Regionalbeauftragten sind folgende: &nbsp; Bearbeitung der vom ONIS übermittelten Akten; Erstellung, mit dem Bezieher, des in Artikel 16 des REVIS-Gesetzes vorgesehenen personalisierten Aktivierungsplans und Aktualisierung desselben; Organisation der im Aktivierungsplan vorgesehenen Aktivierungsmaßnahmen laut Gesetzesartikel 17 und Vorbereitung der vorgeschriebenen Verwaltungsdokumente; Sicherung eines guten Maßnahmeverlaufs durch regelmäßigen Kontakt zum Bezieher und den Verantwortlichen [&hellip;]

Regional Beauftragte für soziale Eingliederung

Office Social Régional des Communes de Beaufort, Bech, Berdorf, Consdorf, Reisdorf
