{"id":16584,"date":"2019-11-07T09:04:28","date_gmt":"2019-11-07T09:04:28","guid":{"rendered":"https:\/\/osbeaufort.sigi.website\/charta-der-barrierefreiheit\/"},"modified":"2022-10-04T08:52:26","modified_gmt":"2022-10-04T08:52:26","slug":"charta-der-barrierefreiheit","status":"publish","type":"page","link":"https:\/\/officesocial-beaufort.lu\/de\/charta-der-barrierefreiheit\/","title":{"rendered":"Charta der Barrierefreiheit"},"content":{"rendered":"<p>[et_pb_section fb_built=&#8220;1&#8243; _builder_version=&#8220;4.4.9&#8243;][et_pb_row _builder_version=&#8220;4.4.9&#8243;][et_pb_column _builder_version=&#8220;4.4.9&#8243; type=&#8220;4_4&#8243;][et_pb_text _builder_version=&#8220;4.4.9&#8243; hover_enabled=&#8220;0&#8243;]<\/p>\n<h3>Qu\u2019est-ce que l\u2019accessibilit\u00e9 ?<\/h3>\n<p>Chacun doit pouvoir utiliser et consulter facilement les informations figurant sur un site web notamment les personnes pr\u00e9sentant un handicap et\/ou utilisant des logiciels d\u2019assistance ou du mat\u00e9riel sp\u00e9cialis\u00e9 (personnes aveugles, malvoyantes, ou souffrant d\u2019un autre handicap).<\/p>\n<h3><\/h3>\n<h3>Echantillon \u00e9valu\u00e9<\/h3>\n<p>Les pages que nous avons consid\u00e9r\u00e9es sont les suivantes :<\/p>\n<ul>\n<li>Page d\u2019accueil<\/li>\n<li>Page standard<\/li>\n<li>Page d\u2019actualit\u00e9<\/li>\n<li>Page d\u2019\u00e9v\u00e8nement<\/li>\n<li>Page de publications<\/li>\n<li>Page de contact<\/li>\n<li>Page d\u2019annuaire<\/li>\n<\/ul>\n<h3><\/h3>\n<h3>Contenu non accessible<\/h3>\n<ul>\n<li>Des changements de langue ne sont pas d\u00e9clar\u00e9s sur certains termes anglais ou luxembourgeois, selon le contexte du contenu ;<\/li>\n<li>Les contenus vis\u00e9s ci-apr\u00e8s ne sont pas conformes avec la loi du 28 mai 2019 relative \u00e0 l\u2019accessibilit\u00e9 des sites internet et des applications mobiles des organismes du secteur public et ne donneront pas lieu \u00e0 correction :\n<ul>\n<li>Les liens pr\u00e9sents dans les sous menus de la navigation principale ne sont pas atteignables au clavier, n\u00e9anmoins un acc\u00e8s aux pages contenus dans ce sous-menus est possible depuis les diff\u00e9rentes pages passerelles ;<\/li>\n<li>Certains liens disponibles dans le footer ou le menu principal contiennent une ic\u00f4ne \u00ab font awesome \u00bb, pouvant \u00eatre per\u00e7us comme \u00ab vides \u00bb par certains navigateurs. L\u2019impact sur les utilisateurs est minime mais nous nous effor\u00e7ons de les corriger ;<\/li>\n<li>Certaines images ne disposent pas d\u2019un texte alternatif pertinent. Nous nous effor\u00e7ons de les tracker et de les corriger ;<\/li>\n<li>Certaines fonctionnalit\u00e9s de recherche propos\u00e9es par des plugins WordPress tiers offrent un faible contraste. Nous nous effor\u00e7ons de les corriger dans une mise \u00e0 jour future ;<\/li>\n<li>Dans l\u2019annuaire, certaines parcelles de texte pr\u00e9sentent un faible contraste. Nous nous effor\u00e7ons de les corriger dans une mise \u00e0 jour future.<\/li>\n<\/ul>\n<\/li>\n<\/ul>\n<h3><\/h3>\n<h3>Contenu exempt\u00e9<\/h3>\n<p>Certaines vid\u00e9os int\u00e9gr\u00e9es dans les pages utiliseront un lecteur multimedia qui peut comporter des fonctionnalit\u00e9s non accessibles. Nous nous effor\u00e7ons de les rendre identifiables et qu\u2019elles ne comportent pas de \u00ab pi\u00e8ge \u00bb.<br \/>Certains fichiers PDFs publi\u00e9s avant le 1er janvier 2018 peuvent pr\u00e9senter des contenus et mises en pages non accessibles.<br \/>Les cartes interactives (nous nous effor\u00e7ons de les rendre identifiables et qu\u2019elles ne comportent pas de \u00ab pi\u00e8ge \u00bb)<br \/>Les fonctionnalit\u00e9s de potentiels \u00ab nouveaux plugins \u00bb WordPress, ainsi que leur mise \u00e0 jour, pr\u00e9sente des risques de ne pas \u00eatre totalement accessible. Cela dit, nous nous effor\u00e7ons de mener des audits fr\u00e9quents afin d\u2019assurer l\u2019accessibilit\u00e9 de toutes leurs fonctionnalit\u00e9s.<\/p>\n<p>[\/et_pb_text][\/et_pb_column][\/et_pb_row][\/et_pb_section]<\/p>\n","protected":false},"excerpt":{"rendered":"<p>Qu\u2019est-ce que l\u2019accessibilit\u00e9 ? Chacun doit pouvoir utiliser et consulter facilement les informations figurant sur un site web notamment les personnes pr\u00e9sentant un handicap et\/ou utilisant des logiciels d\u2019assistance ou du mat\u00e9riel sp\u00e9cialis\u00e9 (personnes aveugles, malvoyantes, ou souffrant d\u2019un autre handicap). Echantillon \u00e9valu\u00e9 Les pages que nous avons consid\u00e9r\u00e9es sont les suivantes : Page d\u2019accueil [&hellip;]<\/p>\n","protected":false},"author":1,"featured_media":0,"parent":0,"menu_order":0,"comment_status":"closed","ping_status":"closed","template":"","meta":{"_et_pb_use_builder":"on","_et_pb_old_content":"","_et_gb_content_width":"","_lmt_disableupdate":"","_lmt_disable":"","footnotes":""},"class_list":["post-16584","page","type-page","status-publish","hentry"],"yoast_head":"<!-- This site is optimized with the Yoast SEO plugin v27.5 - https:\/\/yoast.com\/product\/yoast-seo-wordpress\/ -->\n<title>Charta der Barrierefreiheit - OS Beaufort<\/title>\n<meta name=\"robots\" content=\"index, follow, max-snippet:-1, max-image-preview:large, max-video-preview:-1\" \/>\n<link rel=\"canonical\" href=\"https:\/\/officesocial-beaufort.lu\/de\/charta-der-barrierefreiheit\/\" \/>\n<meta property=\"og:locale\" content=\"de_DE\" \/>\n<meta property=\"og:type\" content=\"article\" \/>\n<meta property=\"og:title\" content=\"Charta der Barrierefreiheit - OS Beaufort\" \/>\n<meta property=\"og:description\" content=\"Qu\u2019est-ce que l\u2019accessibilit\u00e9 ? Chacun doit pouvoir utiliser et consulter facilement les informations figurant sur un site web notamment les personnes pr\u00e9sentant un handicap et\/ou utilisant des logiciels d\u2019assistance ou du mat\u00e9riel sp\u00e9cialis\u00e9 (personnes aveugles, malvoyantes, ou souffrant d\u2019un autre handicap). Echantillon \u00e9valu\u00e9 Les pages que nous avons consid\u00e9r\u00e9es sont les suivantes : Page d\u2019accueil [&hellip;]\" \/>\n<meta property=\"og:url\" content=\"https:\/\/officesocial-beaufort.lu\/de\/charta-der-barrierefreiheit\/\" \/>\n<meta property=\"og:site_name\" content=\"OS Beaufort\" \/>\n<meta property=\"article:modified_time\" content=\"2022-10-04T08:52:26+00:00\" \/>\n<meta name=\"twitter:card\" content=\"summary_large_image\" \/>\n<meta name=\"twitter:label1\" content=\"Gesch\u00e4tzte Lesezeit\" \/>\n\t<meta name=\"twitter:data1\" content=\"2\u00a0Minuten\" \/>\n<script type=\"application\/ld+json\" class=\"yoast-schema-graph\">{\"@context\":\"https:\\\/\\\/schema.org\",\"@graph\":[{\"@type\":\"WebPage\",\"@id\":\"https:\\\/\\\/officesocial-beaufort.lu\\\/de\\\/charta-der-barrierefreiheit\\\/\",\"url\":\"https:\\\/\\\/officesocial-beaufort.lu\\\/de\\\/charta-der-barrierefreiheit\\\/\",\"name\":\"Charta der Barrierefreiheit - OS Beaufort\",\"isPartOf\":{\"@id\":\"https:\\\/\\\/officesocial-beaufort.lu\\\/de\\\/#website\"},\"datePublished\":\"2019-11-07T09:04:28+00:00\",\"dateModified\":\"2022-10-04T08:52:26+00:00\",\"breadcrumb\":{\"@id\":\"https:\\\/\\\/officesocial-beaufort.lu\\\/de\\\/charta-der-barrierefreiheit\\\/#breadcrumb\"},\"inLanguage\":\"de\",\"potentialAction\":[{\"@type\":\"ReadAction\",\"target\":[\"https:\\\/\\\/officesocial-beaufort.lu\\\/de\\\/charta-der-barrierefreiheit\\\/\"]}]},{\"@type\":\"BreadcrumbList\",\"@id\":\"https:\\\/\\\/officesocial-beaufort.lu\\\/de\\\/charta-der-barrierefreiheit\\\/#breadcrumb\",\"itemListElement\":[{\"@type\":\"ListItem\",\"position\":1,\"name\":\"Accueil\",\"item\":\"https:\\\/\\\/officesocial-beaufort.lu\\\/de\\\/\"},{\"@type\":\"ListItem\",\"position\":2,\"name\":\"Charta der Barrierefreiheit\"}]},{\"@type\":\"WebSite\",\"@id\":\"https:\\\/\\\/officesocial-beaufort.lu\\\/de\\\/#website\",\"url\":\"https:\\\/\\\/officesocial-beaufort.lu\\\/de\\\/\",\"name\":\"OS Beaufort\",\"description\":\"Office Social R\u00e9gional des Communes de Beaufort, Bech, Berdorf, Consdorf, Reisdorf\",\"potentialAction\":[{\"@type\":\"SearchAction\",\"target\":{\"@type\":\"EntryPoint\",\"urlTemplate\":\"https:\\\/\\\/officesocial-beaufort.lu\\\/de\\\/?s={search_term_string}\"},\"query-input\":{\"@type\":\"PropertyValueSpecification\",\"valueRequired\":true,\"valueName\":\"search_term_string\"}}],\"inLanguage\":\"de\"}]}<\/script>\n<!-- \/ Yoast SEO plugin. -->","yoast_head_json":{"title":"Charta der Barrierefreiheit - OS Beaufort","robots":{"index":"index","follow":"follow","max-snippet":"max-snippet:-1","max-image-preview":"max-image-preview:large","max-video-preview":"max-video-preview:-1"},"canonical":"https:\/\/officesocial-beaufort.lu\/de\/charta-der-barrierefreiheit\/","og_locale":"de_DE","og_type":"article","og_title":"Charta der Barrierefreiheit - OS Beaufort","og_description":"Qu\u2019est-ce que l\u2019accessibilit\u00e9 ? Chacun doit pouvoir utiliser et consulter facilement les informations figurant sur un site web notamment les personnes pr\u00e9sentant un handicap et\/ou utilisant des logiciels d\u2019assistance ou du mat\u00e9riel sp\u00e9cialis\u00e9 (personnes aveugles, malvoyantes, ou souffrant d\u2019un autre handicap). Echantillon \u00e9valu\u00e9 Les pages que nous avons consid\u00e9r\u00e9es sont les suivantes : Page d\u2019accueil [&hellip;]","og_url":"https:\/\/officesocial-beaufort.lu\/de\/charta-der-barrierefreiheit\/","og_site_name":"OS Beaufort","article_modified_time":"2022-10-04T08:52:26+00:00","twitter_card":"summary_large_image","twitter_misc":{"Gesch\u00e4tzte Lesezeit":"2\u00a0Minuten"},"schema":{"@context":"https:\/\/schema.org","@graph":[{"@type":"WebPage","@id":"https:\/\/officesocial-beaufort.lu\/de\/charta-der-barrierefreiheit\/","url":"https:\/\/officesocial-beaufort.lu\/de\/charta-der-barrierefreiheit\/","name":"Charta der Barrierefreiheit - OS Beaufort","isPartOf":{"@id":"https:\/\/officesocial-beaufort.lu\/de\/#website"},"datePublished":"2019-11-07T09:04:28+00:00","dateModified":"2022-10-04T08:52:26+00:00","breadcrumb":{"@id":"https:\/\/officesocial-beaufort.lu\/de\/charta-der-barrierefreiheit\/#breadcrumb"},"inLanguage":"de","potentialAction":[{"@type":"ReadAction","target":["https:\/\/officesocial-beaufort.lu\/de\/charta-der-barrierefreiheit\/"]}]},{"@type":"BreadcrumbList","@id":"https:\/\/officesocial-beaufort.lu\/de\/charta-der-barrierefreiheit\/#breadcrumb","itemListElement":[{"@type":"ListItem","position":1,"name":"Accueil","item":"https:\/\/officesocial-beaufort.lu\/de\/"},{"@type":"ListItem","position":2,"name":"Charta der Barrierefreiheit"}]},{"@type":"WebSite","@id":"https:\/\/officesocial-beaufort.lu\/de\/#website","url":"https:\/\/officesocial-beaufort.lu\/de\/","name":"OS Beaufort","description":"Office Social R\u00e9gional des Communes de Beaufort, Bech, Berdorf, Consdorf, Reisdorf","potentialAction":[{"@type":"SearchAction","target":{"@type":"EntryPoint","urlTemplate":"https:\/\/officesocial-beaufort.lu\/de\/?s={search_term_string}"},"query-input":{"@type":"PropertyValueSpecification","valueRequired":true,"valueName":"search_term_string"}}],"inLanguage":"de"}]}},"publishpress_future_action":{"enabled":false,"date":"2026-05-08 14:36:58","action":"change-status","newStatus":"draft","terms":[],"taxonomy":"translation_priority","extraData":[]},"publishpress_future_workflow_manual_trigger":{"enabledWorkflows":[]},"_links":{"self":[{"href":"https:\/\/officesocial-beaufort.lu\/de\/wp-json\/wp\/v2\/pages\/16584","targetHints":{"allow":["GET"]}}],"collection":[{"href":"https:\/\/officesocial-beaufort.lu\/de\/wp-json\/wp\/v2\/pages"}],"about":[{"href":"https:\/\/officesocial-beaufort.lu\/de\/wp-json\/wp\/v2\/types\/page"}],"author":[{"embeddable":true,"href":"https:\/\/officesocial-beaufort.lu\/de\/wp-json\/wp\/v2\/users\/1"}],"replies":[{"embeddable":true,"href":"https:\/\/officesocial-beaufort.lu\/de\/wp-json\/wp\/v2\/comments?post=16584"}],"version-history":[{"count":2,"href":"https:\/\/officesocial-beaufort.lu\/de\/wp-json\/wp\/v2\/pages\/16584\/revisions"}],"predecessor-version":[{"id":16586,"href":"https:\/\/officesocial-beaufort.lu\/de\/wp-json\/wp\/v2\/pages\/16584\/revisions\/16586"}],"wp:attachment":[{"href":"https:\/\/officesocial-beaufort.lu\/de\/wp-json\/wp\/v2\/media?parent=16584"}],"curies":[{"name":"wp","href":"https:\/\/api.w.org\/{rel}","templated":true}]}}

<p>[et_pb_section fb_built=&#8220;1&#8243; _builder_version=&#8220;4.4.9&#8243;][et_pb_row _builder_version=&#8220;4.4.9&#8243;][et_pb_column _builder_version=&#8220;4.4.9&#8243; type=&#8220;4_4&#8243;][et_pb_text _builder_version=&#8220;4.4.9&#8243; hover_enabled=&#8220;0&#8243;]</p>
<h3>Qu’est-ce que l’accessibilité ?</h3>
<p>Chacun doit pouvoir utiliser et consulter facilement les informations figurant sur un site web notamment les personnes présentant un handicap et/ou utilisant des logiciels d’assistance ou du matériel spécialisé (personnes aveugles, malvoyantes, ou souffrant d’un autre handicap).</p>
<h3></h3>
<h3>Echantillon évalué</h3>
<p>Les pages que nous avons considérées sont les suivantes :</p>
<ul>
<li>Page d’accueil</li>
<li>Page standard</li>
<li>Page d’actualité</li>
<li>Page d’évènement</li>
<li>Page de publications</li>
<li>Page de contact</li>
<li>Page d’annuaire</li>
</ul>
<h3></h3>
<h3>Contenu non accessible</h3>
<ul>
<li>Des changements de langue ne sont pas déclarés sur certains termes anglais ou luxembourgeois, selon le contexte du contenu ;</li>
<li>Les contenus visés ci-après ne sont pas conformes avec la loi du 28 mai 2019 relative à l’accessibilité des sites internet et des applications mobiles des organismes du secteur public et ne donneront pas lieu à correction :
<ul>
<li>Les liens présents dans les sous menus de la navigation principale ne sont pas atteignables au clavier, néanmoins un accès aux pages contenus dans ce sous-menus est possible depuis les différentes pages passerelles ;</li>
<li>Certains liens disponibles dans le footer ou le menu principal contiennent une icône « font awesome », pouvant être perçus comme « vides » par certains navigateurs. L’impact sur les utilisateurs est minime mais nous nous efforçons de les corriger ;</li>
<li>Certaines images ne disposent pas d’un texte alternatif pertinent. Nous nous efforçons de les tracker et de les corriger ;</li>
<li>Certaines fonctionnalités de recherche proposées par des plugins WordPress tiers offrent un faible contraste. Nous nous efforçons de les corriger dans une mise à jour future ;</li>
<li>Dans l’annuaire, certaines parcelles de texte présentent un faible contraste. Nous nous efforçons de les corriger dans une mise à jour future.</li>
</ul>
</li>
</ul>
<h3></h3>
<h3>Contenu exempté</h3>
<p>Certaines vidéos intégrées dans les pages utiliseront un lecteur multimedia qui peut comporter des fonctionnalités non accessibles. Nous nous efforçons de les rendre identifiables et qu’elles ne comportent pas de « piège ».<br />Certains fichiers PDFs publiés avant le 1er janvier 2018 peuvent présenter des contenus et mises en pages non accessibles.<br />Les cartes interactives (nous nous efforçons de les rendre identifiables et qu’elles ne comportent pas de « piège »)<br />Les fonctionnalités de potentiels « nouveaux plugins » WordPress, ainsi que leur mise à jour, présente des risques de ne pas être totalement accessible. Cela dit, nous nous efforçons de mener des audits fréquents afin d’assurer l’accessibilité de toutes leurs fonctionnalités.</p>
<p>[/et_pb_text][/et_pb_column][/et_pb_row][/et_pb_section]</p>

<p>Qu’est-ce que l’accessibilité ? Chacun doit pouvoir utiliser et consulter facilement les informations figurant sur un site web notamment les personnes présentant un handicap et/ou utilisant des logiciels d’assistance ou du matériel spécialisé (personnes aveugles, malvoyantes, ou souffrant d’un autre handicap). Echantillon évalué Les pages que nous avons considérées sont les suivantes : Page d’accueil [&hellip;]</p>

<!-- This site is optimized with the Yoast SEO plugin v27.5 - https://yoast.com/product/yoast-seo-wordpress/ -->
<title>Charta der Barrierefreiheit - OS Beaufort</title>
<meta name="robots" content="index, follow, max-snippet:-1, max-image-preview:large, max-video-preview:-1" />
<link rel="canonical" href="https://officesocial-beaufort.lu/de/charta-der-barrierefreiheit/" />
<meta property="og:locale" content="de_DE" />
<meta property="og:type" content="article" />
<meta property="og:title" content="Charta der Barrierefreiheit - OS Beaufort" />
<meta property="og:description" content="Qu’est-ce que l’accessibilité ? Chacun doit pouvoir utiliser et consulter facilement les informations figurant sur un site web notamment les personnes présentant un handicap et/ou utilisant des logiciels d’assistance ou du matériel spécialisé (personnes aveugles, malvoyantes, ou souffrant d’un autre handicap). Echantillon évalué Les pages que nous avons considérées sont les suivantes : Page d’accueil [&hellip;]" />
<meta property="og:url" content="https://officesocial-beaufort.lu/de/charta-der-barrierefreiheit/" />
<meta property="og:site_name" content="OS Beaufort" />
<meta property="article:modified_time" content="2022-10-04T08:52:26+00:00" />
<meta name="twitter:card" content="summary_large_image" />
<meta name="twitter:label1" content="Geschätzte Lesezeit" />
	<meta name="twitter:data1" content="2 Minuten" />
<script type="application/ld+json" class="yoast-schema-graph">{"@context":"https:\/\/schema.org","@graph":[{"@type":"WebPage","@id":"https:\/\/officesocial-beaufort.lu\/de\/charta-der-barrierefreiheit\/","url":"https:\/\/officesocial-beaufort.lu\/de\/charta-der-barrierefreiheit\/","name":"Charta der Barrierefreiheit - OS Beaufort","isPartOf":{"@id":"https:\/\/officesocial-beaufort.lu\/de\/#website"},"datePublished":"2019-11-07T09:04:28+00:00","dateModified":"2022-10-04T08:52:26+00:00","breadcrumb":{"@id":"https:\/\/officesocial-beaufort.lu\/de\/charta-der-barrierefreiheit\/#breadcrumb"},"inLanguage":"de","potentialAction":[{"@type":"ReadAction","target":["https:\/\/officesocial-beaufort.lu\/de\/charta-der-barrierefreiheit\/"]}]},{"@type":"BreadcrumbList","@id":"https:\/\/officesocial-beaufort.lu\/de\/charta-der-barrierefreiheit\/#breadcrumb","itemListElement":[{"@type":"ListItem","position":1,"name":"Accueil","item":"https:\/\/officesocial-beaufort.lu\/de\/"},{"@type":"ListItem","position":2,"name":"Charta der Barrierefreiheit"}]},{"@type":"WebSite","@id":"https:\/\/officesocial-beaufort.lu\/de\/#website","url":"https:\/\/officesocial-beaufort.lu\/de\/","name":"OS Beaufort","description":"Office Social Régional des Communes de Beaufort, Bech, Berdorf, Consdorf, Reisdorf","potentialAction":[{"@type":"SearchAction","target":{"@type":"EntryPoint","urlTemplate":"https:\/\/officesocial-beaufort.lu\/de\/?s={search_term_string}"},"query-input":{"@type":"PropertyValueSpecification","valueRequired":true,"valueName":"search_term_string"}}],"inLanguage":"de"}]}</script>
<!-- / Yoast SEO plugin. -->

Qu’est-ce que l’accessibilité ? Chacun doit pouvoir utiliser et consulter facilement les informations figurant sur un site web notamment les personnes présentant un handicap et/ou utilisant des logiciels d’assistance ou du matériel spécialisé (personnes aveugles, malvoyantes, ou souffrant d’un autre handicap). Echantillon évalué Les pages que nous avons considérées sont les suivantes : Page d’accueil [&hellip;]

Office Social Régional des Communes de Beaufort, Bech, Berdorf, Consdorf, Reisdorf
